{"id":920,"date":"2013-05-16T17:20:59","date_gmt":"2013-05-16T15:20:59","guid":{"rendered":"https:\/\/www.ptmyk.pl\/?page_id=920"},"modified":"2017-01-04T17:12:38","modified_gmt":"2017-01-04T16:12:38","slug":"dariusz-kubiak","status":"publish","type":"page","link":"https:\/\/www.ptmyk.pl\/?page_id=920","title":{"rendered":"Dariusz Kubiak"},"content":{"rendered":"<p><a href=\"https:\/\/www.ptmyk.pl\/wp-content\/uploads\/2013\/05\/kubiak.jpg\"><img loading=\"lazy\" decoding=\"async\" class=\"alignleft size-thumbnail wp-image-921\" title=\"kubiak\" alt=\"\" src=\"https:\/\/www.ptmyk.pl\/wp-content\/uploads\/2013\/05\/kubiak-150x150.jpg\" width=\"150\" height=\"150\" \/><\/a>Katedra Mykologii<br \/>\nWydzia\u0142 Biologii i Biotechnologii<br \/>\nUniwersytet Warmi\u0144sko-Mazurski w Olsztynie<br \/>\nul. Oczapowskiego 1A, 10-719 Olsztyn<\/p>\n<p>Numer telefonu: (48) 89 523 42 97, tel.\/fax (89) 523 42 95<\/p>\n<p>Email: darkub@uwm.edu.pl<\/p>\n<p>Strona internetowa: <a href=\"http:\/\/www.uwm.edu.pl\/mikologia\/kubiak\/kubiak.html\" target=\"_blank\">http:\/\/www.uwm.edu.pl\/mikologia\/kubiak\/kubiak.html<\/a><\/p>\n<p>Tematyka badawcza:<br \/>\nWyst\u0119powanie porost\u00f3w (grzyb\u00f3w zlichenizowanych ) w ekosystemach naturalnych i antropogenicznie przekszta\u0142conych, udzia\u0142 i rola diagnostyczna porost\u00f3w w zbiorowiskach le\u015bnych, zagro\u017cenie i ochrona porost\u00f3w i grzyb\u00f3w wielkoowocnikowych Warmii i Mazur.<\/p>\n<p>Projekty i publikacje [<a href=\"https:\/\/www.ptmyk.pl\/wp-content\/uploads\/2013\/05\/kubiak.pdf\" target=\"_blank\">pobierz plik pdf<\/a>]<\/p>\n<p>&nbsp;<\/p>\n","protected":false},"excerpt":{"rendered":"<p>Katedra Mykologii Wydzia\u0142 Biologii i Biotechnologii Uniwersytet Warmi\u0144sko-Mazurski w Olsztynie ul. Oczapowskiego 1A, 10-719 Olsztyn Numer telefonu: (48) 89 523 42 97, tel.\/fax (89) 523 42 95 Email: darkub@uwm.edu.pl Strona internetowa: http:\/\/www.uwm.edu.pl\/mikologia\/kubiak\/kubiak.html Tematyka badawcza: Wyst\u0119powanie porost\u00f3w (grzyb\u00f3w zlichenizowanych ) w &hellip; <a href=\"https:\/\/www.ptmyk.pl\/?page_id=920\">Czytaj dalej <span class=\"meta-nav\">&rarr;<\/span><\/a><\/p>\n","protected":false},"author":1,"featured_media":0,"parent":34,"menu_order":0,"comment_status":"closed","ping_status":"closed","template":"","meta":{"footnotes":""},"class_list":["post-920","page","type-page","status-publish","hentry"],"_links":{"self":[{"href":"https:\/\/www.ptmyk.pl\/index.php?rest_route=\/wp\/v2\/pages\/920","targetHints":{"allow":["GET"]}}],"collection":[{"href":"https:\/\/www.ptmyk.pl\/index.php?rest_route=\/wp\/v2\/pages"}],"about":[{"href":"https:\/\/www.ptmyk.pl\/index.php?rest_route=\/wp\/v2\/types\/page"}],"author":[{"embeddable":true,"href":"https:\/\/www.ptmyk.pl\/index.php?rest_route=\/wp\/v2\/users\/1"}],"replies":[{"embeddable":true,"href":"https:\/\/www.ptmyk.pl\/index.php?rest_route=%2Fwp%2Fv2%2Fcomments&post=920"}],"version-history":[{"count":3,"href":"https:\/\/www.ptmyk.pl\/index.php?rest_route=\/wp\/v2\/pages\/920\/revisions"}],"predecessor-version":[{"id":2964,"href":"https:\/\/www.ptmyk.pl\/index.php?rest_route=\/wp\/v2\/pages\/920\/revisions\/2964"}],"up":[{"embeddable":true,"href":"https:\/\/www.ptmyk.pl\/index.php?rest_route=\/wp\/v2\/pages\/34"}],"wp:attachment":[{"href":"https:\/\/www.ptmyk.pl\/index.php?rest_route=%2Fwp%2Fv2%2Fmedia&parent=920"}],"curies":[{"name":"wp","href":"https:\/\/api.w.org\/{rel}","templated":true}]}}