{"id":730,"date":"2013-02-27T11:43:18","date_gmt":"2013-02-27T10:43:18","guid":{"rendered":"https:\/\/www.ptmyk.pl\/?page_id=730"},"modified":"2025-12-15T16:11:51","modified_gmt":"2025-12-15T15:11:51","slug":"wspomnienia-o-nieobecnych","status":"publish","type":"page","link":"https:\/\/www.ptmyk.pl\/?page_id=730","title":{"rendered":"Wspomnienia o Nieobecnych"},"content":{"rendered":"<ol>\n<li><a href=\"http:\/\/pl.wikipedia.org\/wiki\/Jerzy_Aleksandrowicz_%28botanik%29\" target=\"_blank\" rel=\"noopener\">Jerzy Aleksandrowicz<\/a> (1819-1894)<\/li>\n<li>Andrzej Batko (1933-1997)<\/li>\n<li><a href=\"http:\/\/pl.wikipedia.org\/wiki\/Feliks_Berdau\" target=\"_blank\" rel=\"noopener\">Feliks Berdau<\/a> (1826-1895)<\/li>\n<li>Alicja Borowska (-2013)<\/li>\n<li>Sabina Czy\u017cewska (1928-2012)<\/li>\n<li><a href=\"http:\/\/pl.wikipedia.org\/wiki\/Stanis%C5%82aw_Doma%C5%84ski\" target=\"_blank\" rel=\"noopener\">Stanis\u0142aw Doma\u0144ski<\/a> (1916-1993)<\/li>\n<li><a href=\"http:\/\/pl.wikipedia.org\/wiki\/Tadeusz_Dominik_%28mikolog%29\" target=\"_blank\" rel=\"noopener\">Tadeusz Dominik<\/a> (1909-1980)<\/li>\n<li><a href=\"http:\/\/pl.wikipedia.org\/wiki\/Ludwik_Garbowski\" target=\"_blank\" rel=\"noopener\">Ludwik Marcelian Garbowski<\/a> (1872-1954)<\/li>\n<li><a href=\"http:\/\/pl.wikipedia.org\/wiki\/Tadeusz_Glaser\" target=\"_blank\" rel=\"noopener\">Tadeusz Glaser<\/a> (1922-1987)<\/li>\n<li><a href=\"http:\/\/pl.wikipedia.org\/wiki\/Antoni_Golenia\" target=\"_blank\" rel=\"noopener\">Antoni Golenia<\/a> (1923-1995)<\/li>\n<li>J\u00f3zef Gondek (1903-1988)<\/li>\n<li>W\u0142odzimierz Gorjaczkowski (1879-1944)<\/li>\n<li>Jadwiga Gorska-Poczopko (1923-2006)<\/li>\n<li>Edward (Glinka-Janczewski) Janczewski (1846-1918)<\/li>\n<li>Irena Ho\u0142ownia (1923-2013)<\/li>\n<li>Edmund Jankowski (1849-1938)<\/li>\n<li>J\u00f3zef Kochman (1903-1995)<\/li>\n<li>Czes\u0142awa Koz\u0142owska (1921-2008)<\/li>\n<li>Szcz\u0119sny Kudelka (1844-1916)<\/li>\n<li>Barbara \u0141acicowa (1925-2008)<\/li>\n<li>Zofia Maciejowska-Pokacka (1924-2011) &#8211; &#8222;In Memoriam&#8221; w Acta Mycologica [<a href=\"https:\/\/pbsociety.org.pl\/journals\/index.php\/am\/article\/view\/am.2011.017\/2240\" target=\"_blank\" rel=\"noopener\">link<\/a>]<\/li>\n<li>Kazimierz Malec (1916-1994)<\/li>\n<li>Karol Henryk Ma\u0144ka (1915-2003)<\/li>\n<li><a href=\"https:\/\/pl.wikipedia.org\/wiki\/Kazimierz_Jan_Miczy%C5%84ski\" target=\"_blank\" rel=\"noopener\">Kazimierz Jan Miczy\u0144ski<\/a> (1868-1918)<\/li>\n<li><a href=\"https:\/\/pl.wikipedia.org\/wiki\/Kazimierz_Adam_Miczy%C5%84ski\" target=\"_blank\" rel=\"noopener\">Kazimierz Adam Miczy\u0144ski <\/a>(1899-1956)<\/li>\n<li>Janina Urszula Miko\u0142ajska (1929-2007)<\/li>\n<li>Henryk Or\u0142o\u015b (1896-1983)<\/li>\n<li>Roman Pachlewski (1923-2002) &#8211; &#8222;In Memoriam&#8221; w Acta Mycologica [<a href=\"https:\/\/www.ptmyk.pl\/wp-content\/uploads\/2013\/02\/Acta_Pachl1.pdf\" target=\"_blank\" rel=\"noopener\">pobierz plik<\/a>]<\/li>\n<li>Jan Pielka (1923-1980)<\/li>\n<li>Jerzy Pietkiewicz (1943-1998)<\/li>\n<li>Danuta Pi\u0119ta (1949-2009)<\/li>\n<li>Marian Raciborski (1863-1917)<\/li>\n<li>Eugeniusz Ralski (1910-1981)<\/li>\n<li>Zofia Rebandel (1922-1998)<\/li>\n<li>Kazimierz Stefan Rouppert (1885-1963)<\/li>\n<li>Marek Ruszkowski (1925-1993)<\/li>\n<li>Bogus\u0142aw Sa\u0142ata (1940-1999)- biografia z Rocznika Towarzystwa Naukowego Warszawskiego 62, 82-84 [<a href=\"http:\/\/mazowsze.hist.pl\/35\/Rocznik_Towarzystwa_Naukowego_Warszawskiego\/735\/1999\/25337\/\" target=\"_blank\" rel=\"noopener\">pobierz plik<\/a>]; bibliografia z Acta Mycologica [<a href=\"https:\/\/pbsociety.org.pl\/journals\/index.php\/am\/article\/view\/am.2005.014\/3034\" target=\"_blank\" rel=\"noopener\">link<\/a>]; &#8222;In Memoriam&#8221; w Acta Mycologica [<a href=\"https:\/\/www.ptmyk.pl\/wp-content\/uploads\/2013\/02\/Sa\u0142ata.pdf\" target=\"_blank\" rel=\"noopener\">link<\/a>]<\/li>\n<li>Wincenty Siemaszko (1887-1943)<\/li>\n<li>Ryszard J\u00f3zef Siwecki (1939-2002)<\/li>\n<li><a href=\"http:\/\/pl.wikipedia.org\/wiki\/Alina_Skirgie%C5%82%C5%82o\" target=\"_blank\" rel=\"noopener\">Alina Skirgie\u0142\u0142o<\/a> (1911-2006) &#8211; artyku\u0142 w Acta Mycologica [<a href=\"https:\/\/pbsociety.org.pl\/journals\/index.php\/am\/article\/view\/am.2006.001\/2370\" target=\"_blank\" rel=\"noopener\">link<\/a>]<\/li>\n<li>Franciszek Ksawery Skupie\u0144ski (1888-1962) [<a href=\"https:\/\/www.ipsb.nina.gov.pl\/a\/biografia\/franciszek-ksawery-skupienski\" target=\"_blank\" rel=\"noopener\">link<\/a>]<\/li>\n<li>W\u0142odzimierz Songin (1925-2005)<\/li>\n<li>Wanda Truszkowska (1917-2004)<\/li>\n<li>J\u00f3zef Trzebi\u0144ski (1867-1941)<\/li>\n<li>Jerzy Wa\u017cny (1927-2010)<\/li>\n<li>Antoni Stanis\u0142aw Werner (1947-2008)<\/li>\n<li>Helena Wojciechowska-Kot (1915-1998)<\/li>\n<li>W\u0142adys\u0142aw Wojewoda (1932-2010) &#8211; &#8222;In Memoriam&#8221; w Acta Mycologica [<a href=\"https:\/\/pbsociety.org.pl\/journals\/index.php\/am\/article\/view\/am.2011.007\/2230\" target=\"_blank\" rel=\"noopener\">link<\/a>]<\/li>\n<li>Karol Wilhelm Zaleski (1890-1969) &#8211; &#8222;In Memoriam&#8221; w Acta Mycologica [<a href=\"https:\/\/www.ptmyk.pl\/wp-content\/uploads\/2013\/02\/Wspomnienie-Karol-Zaleski.pdf\" target=\"_blank\" rel=\"noopener\">link<\/a>]<\/li>\n<li>Bazyli Czeczuga (1930-2017) [<a href=\"https:\/\/www.ptmyk.pl\/wp-content\/uploads\/2024\/01\/wspomnienie_Bazyli-Czeczuga.pdf\">link<\/a>]<\/li>\n<li>Barbara Sadowska (1945-2024) [<a href=\"https:\/\/www.ptmyk.pl\/wp-content\/uploads\/2024\/01\/Dr-Barbara-Sadowska.pdf\">link<\/a>]<\/li>\n<li>Eugeniusz Panek (1948-2024) [<a href=\"https:\/\/www.ptmyk.pl\/wp-content\/uploads\/2024\/05\/Panek-Eugeniusz_biogram_wspomnienie.pdf\">link<\/a>]<\/li>\n<li>Czes\u0142aw Narkiewicz (1963-2024)<\/li>\n<li>Jerzy Che\u0142kowski (1939-2024)<\/li>\n<li>Barbara Gumi\u0144ska (1924-2025) [<a href=\"https:\/\/pbsociety.org.pl\/default\/pozegnanie-prof-barbary-guminskiej\/\">link<\/a>]<a href=\"https:\/\/pbsociety.org.pl\/ind\/sekcja-mykologiczna\/pozegnania\/wspomnienie-o-prof-barbarze-guminskiej\/\">https:\/\/pbsociety.org.pl\/ind\/sekcja-mykologiczna\/pozegnania\/wspomnienie-o-prof-barbarze-guminskiej\/<\/a><\/li>\n<\/ol>\n<p>Zapraszamy do odwiedzenia strony &#8222;Fungal Valhalla&#8221;: <a href=\"http:\/\/www.cybertruffle.org.uk\/valhalla\/index.htm\" target=\"_blank\" rel=\"noopener\">http:\/\/www.cybertruffle.org.uk\/valhalla\/index.htm<\/a>.<\/p>\n<p>Zach\u0119camy tak\u017ce do wsp\u00f3\u0142tworzenia tego dzia\u0142u! Je\u015bli tylko chcieliby Pa\u0144stwo zamie\u015bci\u0107 jakie\u015b wspomnienia, anegdoty czy refleksje zwi\u0105zane ze Zmar\u0142ymi, prosimy o ich przesy\u0142anie drog\u0105 mailow\u0105 na adres: polskietowarzystwomykologicze@gmail.com.<\/p>\n","protected":false},"excerpt":{"rendered":"<p>Jerzy Aleksandrowicz (1819-1894) Andrzej Batko (1933-1997) Feliks Berdau (1826-1895) Alicja Borowska (-2013) Sabina Czy\u017cewska (1928-2012) Stanis\u0142aw Doma\u0144ski (1916-1993) Tadeusz Dominik (1909-1980) Ludwik Marcelian Garbowski (1872-1954) Tadeusz Glaser (1922-1987) Antoni Golenia (1923-1995) J\u00f3zef Gondek (1903-1988) W\u0142odzimierz Gorjaczkowski (1879-1944) Jadwiga Gorska-Poczopko (1923-2006) &hellip; <a href=\"https:\/\/www.ptmyk.pl\/?page_id=730\">Czytaj dalej <span class=\"meta-nav\">&rarr;<\/span><\/a><\/p>\n","protected":false},"author":1,"featured_media":0,"parent":5,"menu_order":0,"comment_status":"closed","ping_status":"closed","template":"","meta":{"footnotes":""},"class_list":["post-730","page","type-page","status-publish","hentry"],"_links":{"self":[{"href":"https:\/\/www.ptmyk.pl\/index.php?rest_route=\/wp\/v2\/pages\/730","targetHints":{"allow":["GET"]}}],"collection":[{"href":"https:\/\/www.ptmyk.pl\/index.php?rest_route=\/wp\/v2\/pages"}],"about":[{"href":"https:\/\/www.ptmyk.pl\/index.php?rest_route=\/wp\/v2\/types\/page"}],"author":[{"embeddable":true,"href":"https:\/\/www.ptmyk.pl\/index.php?rest_route=\/wp\/v2\/users\/1"}],"replies":[{"embeddable":true,"href":"https:\/\/www.ptmyk.pl\/index.php?rest_route=%2Fwp%2Fv2%2Fcomments&post=730"}],"version-history":[{"count":39,"href":"https:\/\/www.ptmyk.pl\/index.php?rest_route=\/wp\/v2\/pages\/730\/revisions"}],"predecessor-version":[{"id":6119,"href":"https:\/\/www.ptmyk.pl\/index.php?rest_route=\/wp\/v2\/pages\/730\/revisions\/6119"}],"up":[{"embeddable":true,"href":"https:\/\/www.ptmyk.pl\/index.php?rest_route=\/wp\/v2\/pages\/5"}],"wp:attachment":[{"href":"https:\/\/www.ptmyk.pl\/index.php?rest_route=%2Fwp%2Fv2%2Fmedia&parent=730"}],"curies":[{"name":"wp","href":"https:\/\/api.w.org\/{rel}","templated":true}]}}