{"id":566,"date":"2012-12-07T12:33:05","date_gmt":"2012-12-07T11:33:05","guid":{"rendered":"https:\/\/www.ptmyk.pl\/?page_id=566"},"modified":"2017-01-05T10:11:21","modified_gmt":"2017-01-05T09:11:21","slug":"rozrywka","status":"publish","type":"page","link":"https:\/\/www.ptmyk.pl\/?page_id=566","title":{"rendered":"Rozrywka"},"content":{"rendered":"<p>Zapraszamy do dzia\u0142u po\u015bwi\u0119conego zabawom o tematyce mykologicznej. Poni\u017cej prezentujemy dwie gry komputerowe. \u017byczymy mi\u0142ej zabawy!<\/p>\n<p>1) &#8222;Grzyby&#8221; &#8211; \u017ceby uruchomi\u0107 gr\u0119 nale\u017cy pobra\u0107 plik grzyby.zip [<a href=\"https:\/\/www.ptmyk.pl\/wp-content\/uploads\/2012\/12\/grzyby1.zip\" target=\"_blank\">pobierz plik<\/a>],\u00a0 rozpakowa\u0107 go, wej\u015b\u0107 do folderu grzyby i klikn\u0105\u0107 dwa razy na plik game.exe. Gra &#8222;grzyby&#8221; zosta\u0142a napisana przez jednego z cz\u0142onk\u00f3w naszego Towarzystwa.<\/p>\n<p>2) &#8222;Fungus&#8221; &#8211; darmowa gra on-line &#8222;play fungus&#8221; [<a href=\"http:\/\/www.kongregate.com\/games\/grapefrukt\/fungus\" target=\"_blank\">zagraj<\/a>] .<\/p>\n<p>3) &#8222;Myco Myst&#8221; &#8211; gra on-line [<a href=\"http:\/\/mushroom.pro\/b_spc\/spc_pages\/g_mycomyst\/page99.html\" target=\"_blank\">link do gry<\/a>].<\/p>\n<p>4) <a href=\"https:\/\/www.ptmyk.pl\/?page_id=2305\" target=\"_blank\">GRZYBY &#8211; \u015awiat wok\u00f3\u0142 nas<\/a><\/p>\n","protected":false},"excerpt":{"rendered":"<p>Zapraszamy do dzia\u0142u po\u015bwi\u0119conego zabawom o tematyce mykologicznej. Poni\u017cej prezentujemy dwie gry komputerowe. \u017byczymy mi\u0142ej zabawy! 1) &#8222;Grzyby&#8221; &#8211; \u017ceby uruchomi\u0107 gr\u0119 nale\u017cy pobra\u0107 plik grzyby.zip [pobierz plik],\u00a0 rozpakowa\u0107 go, wej\u015b\u0107 do folderu grzyby i klikn\u0105\u0107 dwa razy na plik &hellip; <a href=\"https:\/\/www.ptmyk.pl\/?page_id=566\">Czytaj dalej <span class=\"meta-nav\">&rarr;<\/span><\/a><\/p>\n","protected":false},"author":1,"featured_media":0,"parent":7,"menu_order":0,"comment_status":"closed","ping_status":"closed","template":"","meta":{"footnotes":""},"class_list":["post-566","page","type-page","status-publish","hentry"],"_links":{"self":[{"href":"https:\/\/www.ptmyk.pl\/index.php?rest_route=\/wp\/v2\/pages\/566","targetHints":{"allow":["GET"]}}],"collection":[{"href":"https:\/\/www.ptmyk.pl\/index.php?rest_route=\/wp\/v2\/pages"}],"about":[{"href":"https:\/\/www.ptmyk.pl\/index.php?rest_route=\/wp\/v2\/types\/page"}],"author":[{"embeddable":true,"href":"https:\/\/www.ptmyk.pl\/index.php?rest_route=\/wp\/v2\/users\/1"}],"replies":[{"embeddable":true,"href":"https:\/\/www.ptmyk.pl\/index.php?rest_route=%2Fwp%2Fv2%2Fcomments&post=566"}],"version-history":[{"count":8,"href":"https:\/\/www.ptmyk.pl\/index.php?rest_route=\/wp\/v2\/pages\/566\/revisions"}],"predecessor-version":[{"id":3053,"href":"https:\/\/www.ptmyk.pl\/index.php?rest_route=\/wp\/v2\/pages\/566\/revisions\/3053"}],"up":[{"embeddable":true,"href":"https:\/\/www.ptmyk.pl\/index.php?rest_route=\/wp\/v2\/pages\/7"}],"wp:attachment":[{"href":"https:\/\/www.ptmyk.pl\/index.php?rest_route=%2Fwp%2Fv2%2Fmedia&parent=566"}],"curies":[{"name":"wp","href":"https:\/\/api.w.org\/{rel}","templated":true}]}}