{"id":4223,"date":"2021-02-28T21:00:23","date_gmt":"2021-02-28T20:00:23","guid":{"rendered":"https:\/\/www.ptmyk.pl\/?page_id=4223"},"modified":"2024-11-13T09:57:25","modified_gmt":"2024-11-13T08:57:25","slug":"podstawowe-informacje-o-kpng","status":"publish","type":"page","link":"https:\/\/www.ptmyk.pl\/?page_id=4223","title":{"rendered":"Podstawowe informacje o KPNG"},"content":{"rendered":"\n<h2 class=\"wp-block-heading\"><strong>Sk\u0142ad Komisji w kadencji 2024-2028:<\/strong><\/h2>\n\n\n\n<ul class=\"wp-block-list\"><li>Anna Kujawa &#8211; Przewodnicz\u0105ca<\/li><li>Anna Biedunkiewicz &#8211; Zast\u0119pca Przewodnicz\u0105cej<\/li><li>Barbara Kud\u0142awiec &#8211; Sekretarz<\/li><li>Monika Koz\u0142owska &#8211; Cz\u0142onkini Komisji<\/li><li>Piotr Mleczko &#8211; Cz\u0142onek Komisji<\/li><li>Krzysztof Lipi\u0144ski &#8211; Cz\u0142onek Komisji<\/li><\/ul>\n\n\n\n<p>                                                                                                                                                                <\/p>\n\n\n\n<p><strong>Poprzednie kadencje:<\/strong><\/p>\n\n\n\n<p>lata 2020-2024<\/p>\n\n\n\n<p class=\"has-normal-font-size\">1. Anna Kujawa &#8211; Przewodnicz\u0105ca<br>2. Anna Biedunkiewicz &#8211; Zast\u0119pca Przewodnicz\u0105cej<br>3. Barbara Kud\u0142awiec &#8211; Sekretarz<br>4. Monika Koz\u0142owska &#8211; Cz\u0142onkini Komisji<br>5. Piotr Mleczko &#8211; Cz\u0142onek Komisji<\/p>\n\n\n\n<p><br><span style=\"text-decoration: underline;\">lata 2016-2020<\/span><br>       1. dr Marta Wrzosek &#8211; Przewodnicz\u0105ca<br>       2. prof. dr hab. Maria \u0141awrynowicz<br>       3. prof. dr hab. Wies\u0142aw Mu\u0142enko<br>       4. dr hab. Anna Biedunkiewicz<br>       5. dr Anna Kujawa<\/p>\n\n\n\n<p><span style=\"text-decoration: underline;\">lata 2012-2016<\/span><br>       1. prof. dr hab. Maria \u0141awrynowicz<br>       2. prof. dr hab. Wies\u0142aw Mu\u0142enko<br>       3. dr Anna Biedunkiewicz<\/p>\n\n\n\n<p><\/p>\n\n\n\n<p><\/p>\n","protected":false},"excerpt":{"rendered":"<p>Sk\u0142ad Komisji w kadencji 2024-2028: Anna Kujawa &#8211; Przewodnicz\u0105ca Anna Biedunkiewicz &#8211; Zast\u0119pca Przewodnicz\u0105cej Barbara Kud\u0142awiec &#8211; Sekretarz Monika Koz\u0142owska &#8211; Cz\u0142onkini Komisji Piotr Mleczko &#8211; Cz\u0142onek Komisji Krzysztof Lipi\u0144ski &#8211; Cz\u0142onek Komisji Poprzednie kadencje: lata 2020-2024 1. Anna Kujawa &hellip; <a href=\"https:\/\/www.ptmyk.pl\/?page_id=4223\">Czytaj dalej <span class=\"meta-nav\">&rarr;<\/span><\/a><\/p>\n","protected":false},"author":1,"featured_media":0,"parent":2948,"menu_order":0,"comment_status":"closed","ping_status":"closed","template":"","meta":{"footnotes":""},"class_list":["post-4223","page","type-page","status-publish","hentry"],"_links":{"self":[{"href":"https:\/\/www.ptmyk.pl\/index.php?rest_route=\/wp\/v2\/pages\/4223","targetHints":{"allow":["GET"]}}],"collection":[{"href":"https:\/\/www.ptmyk.pl\/index.php?rest_route=\/wp\/v2\/pages"}],"about":[{"href":"https:\/\/www.ptmyk.pl\/index.php?rest_route=\/wp\/v2\/types\/page"}],"author":[{"embeddable":true,"href":"https:\/\/www.ptmyk.pl\/index.php?rest_route=\/wp\/v2\/users\/1"}],"replies":[{"embeddable":true,"href":"https:\/\/www.ptmyk.pl\/index.php?rest_route=%2Fwp%2Fv2%2Fcomments&post=4223"}],"version-history":[{"count":11,"href":"https:\/\/www.ptmyk.pl\/index.php?rest_route=\/wp\/v2\/pages\/4223\/revisions"}],"predecessor-version":[{"id":5755,"href":"https:\/\/www.ptmyk.pl\/index.php?rest_route=\/wp\/v2\/pages\/4223\/revisions\/5755"}],"up":[{"embeddable":true,"href":"https:\/\/www.ptmyk.pl\/index.php?rest_route=\/wp\/v2\/pages\/2948"}],"wp:attachment":[{"href":"https:\/\/www.ptmyk.pl\/index.php?rest_route=%2Fwp%2Fv2%2Fmedia&parent=4223"}],"curies":[{"name":"wp","href":"https:\/\/api.w.org\/{rel}","templated":true}]}}