{"id":4218,"date":"2021-02-28T20:53:36","date_gmt":"2021-02-28T19:53:36","guid":{"rendered":"https:\/\/www.ptmyk.pl\/?page_id=4218"},"modified":"2025-01-27T14:51:54","modified_gmt":"2025-01-27T13:51:54","slug":"dokumenty-kpng","status":"publish","type":"page","link":"https:\/\/www.ptmyk.pl\/?page_id=4218","title":{"rendered":"Dokumenty KPNG"},"content":{"rendered":"\n<p>Regulamin i cele dzia\u0142ania KPNG [<a href=\"https:\/\/www.ptmyk.pl\/wp-content\/uploads\/2024\/11\/01_3_10_2024_Uchwala_nowy_regulamin_Komisja_ds_PNG.pdf\" data-type=\"URL\" data-id=\"https:\/\/www.ptmyk.pl\/wp-content\/uploads\/2024\/11\/01_3_10_2024_Uchwala_nowy_regulamin_Komisja_ds_PNG.pdf\">pobierz plik pdf<\/a>]<\/p>\n\n\n\n<p>Uchwa\u0142a nr 1_03\/10\/2024 ZG PTMyk w sprawie sk\u0142adu KPNG [<a href=\"https:\/\/www.ptmyk.pl\/wp-content\/uploads\/2024\/11\/02_3_10_2024_Uchwala_nowy_sklad_Komisja_ds_PNG.pdf\">pobierz plik pdf<\/a>]<\/p>\n\n\n\n<p>Podstawowe \u017ar\u00f3d\u0142a polskich nazw grzyb\u00f3w (Uchwa\u0142a KPNG [<a href=\"https:\/\/www.ptmyk.pl\/wp-content\/uploads\/2021\/02\/Uchwaly-o-zrodlach-nazw-polskich.pdf\">pobierz plik pdf<\/a>])<\/p>\n\n\n\n<p>Wskaz\u00f3wki dla tworzenia polskich nazw grzyb\u00f3w [<a rel=\"noreferrer noopener\" href=\"https:\/\/www.ptmyk.pl\/wp-content\/uploads\/2021\/02\/Rekomendacje-dla-tworzenia-polskich-nazw-grzyb%C3%B3w-FINA%C5%81.pdf\" target=\"_blank\">pobierz plik pdf<\/a>]<\/p>\n\n\n\n<p>Rekomendacja KPNG nr 4\/2025 z dnia 23.01.2025 r. [<a href=\"https:\/\/www.ptmyk.pl\/wp-content\/uploads\/2021\/02\/Rekomendacja-1_2021_z-dnia-20_02_2021-FINA\u0141.pdf\">pobierz <\/a><a href=\"https:\/\/www.ptmyk.pl\/wp-content\/uploads\/2025\/01\/Rekomendacja-4_2025.pdf\" data-type=\"URL\" data-id=\"https:\/\/www.ptmyk.pl\/wp-content\/uploads\/2025\/01\/Rekomendacja-4_2025.pdf\">plik<\/a><a href=\"https:\/\/www.ptmyk.pl\/wp-content\/uploads\/2021\/02\/Rekomendacja-1_2021_z-dnia-20_02_2021-FINA\u0141.pdf\"> pdf<\/a>]<\/p>\n\n\n\n<p><\/p>\n","protected":false},"excerpt":{"rendered":"<p>Regulamin i cele dzia\u0142ania KPNG [pobierz plik pdf] Uchwa\u0142a nr 1_03\/10\/2024 ZG PTMyk w sprawie sk\u0142adu KPNG [pobierz plik pdf] Podstawowe \u017ar\u00f3d\u0142a polskich nazw grzyb\u00f3w (Uchwa\u0142a KPNG [pobierz plik pdf]) Wskaz\u00f3wki dla tworzenia polskich nazw grzyb\u00f3w [pobierz plik pdf] Rekomendacja &hellip; <a href=\"https:\/\/www.ptmyk.pl\/?page_id=4218\">Czytaj dalej <span class=\"meta-nav\">&rarr;<\/span><\/a><\/p>\n","protected":false},"author":1,"featured_media":0,"parent":2948,"menu_order":0,"comment_status":"closed","ping_status":"closed","template":"","meta":{"footnotes":""},"class_list":["post-4218","page","type-page","status-publish","hentry"],"_links":{"self":[{"href":"https:\/\/www.ptmyk.pl\/index.php?rest_route=\/wp\/v2\/pages\/4218","targetHints":{"allow":["GET"]}}],"collection":[{"href":"https:\/\/www.ptmyk.pl\/index.php?rest_route=\/wp\/v2\/pages"}],"about":[{"href":"https:\/\/www.ptmyk.pl\/index.php?rest_route=\/wp\/v2\/types\/page"}],"author":[{"embeddable":true,"href":"https:\/\/www.ptmyk.pl\/index.php?rest_route=\/wp\/v2\/users\/1"}],"replies":[{"embeddable":true,"href":"https:\/\/www.ptmyk.pl\/index.php?rest_route=%2Fwp%2Fv2%2Fcomments&post=4218"}],"version-history":[{"count":6,"href":"https:\/\/www.ptmyk.pl\/index.php?rest_route=\/wp\/v2\/pages\/4218\/revisions"}],"predecessor-version":[{"id":5845,"href":"https:\/\/www.ptmyk.pl\/index.php?rest_route=\/wp\/v2\/pages\/4218\/revisions\/5845"}],"up":[{"embeddable":true,"href":"https:\/\/www.ptmyk.pl\/index.php?rest_route=\/wp\/v2\/pages\/2948"}],"wp:attachment":[{"href":"https:\/\/www.ptmyk.pl\/index.php?rest_route=%2Fwp%2Fv2%2Fmedia&parent=4218"}],"curies":[{"name":"wp","href":"https:\/\/api.w.org\/{rel}","templated":true}]}}