{"id":4052,"date":"2020-12-07T09:22:42","date_gmt":"2020-12-07T08:22:42","guid":{"rendered":"https:\/\/www.ptmyk.pl\/?page_id=4052"},"modified":"2020-12-07T09:22:42","modified_gmt":"2020-12-07T08:22:42","slug":"kadencja-2016-2020","status":"publish","type":"page","link":"https:\/\/www.ptmyk.pl\/?page_id=4052","title":{"rendered":"kadencja 2016-2020"},"content":{"rendered":"\n<p><strong>Zarz\u0105d Polskiego Towarzystwa Mykologiczego:<\/strong><br>&nbsp;&nbsp; &nbsp;Prezes:&nbsp;&nbsp; &nbsp;&nbsp;&nbsp; &nbsp;&nbsp;&nbsp; &nbsp;&nbsp;&nbsp;&nbsp;&nbsp;&nbsp;&nbsp;&nbsp;&nbsp;&nbsp; Magdalena Fr\u0105c (m.frac@ipan.lublin.pl)<br>&nbsp;&nbsp; &nbsp;Zast\u0119pca prezesa:&nbsp;&nbsp;&nbsp; Sylwia R\u00f3\u017calska (sylwia.rozalska@biol.uni.lodz.pl)<br>&nbsp;&nbsp; &nbsp;Skarbnik:&nbsp;&nbsp; &nbsp;&nbsp;&nbsp; &nbsp;&nbsp;&nbsp;&nbsp;&nbsp;&nbsp;&nbsp;&nbsp;&nbsp;&nbsp; Ma\u0142gorzata Ruszkiewicz-Michalska (mrusz@biol.uni.lodz.pl)<br>&nbsp;&nbsp; &nbsp;Sekretarz:&nbsp;&nbsp; &nbsp;&nbsp;&nbsp; &nbsp;&nbsp;&nbsp;&nbsp;&nbsp;&nbsp;&nbsp;&nbsp;&nbsp; Julia Paw\u0142owska (jzpawlowska@gmail.com) &nbsp;&nbsp;<\/p>\n\n\n\n<p><strong>Komisja Rewizyjna:<\/strong><br>&nbsp;&nbsp;&nbsp; Przewodnicz\u0105cy: &nbsp; &nbsp;&nbsp;&nbsp; Jerzy D\u0142ugo\u0144ski<br>&nbsp;&nbsp;&nbsp; Cz\u0142onkowie: &nbsp; &nbsp;&nbsp;&nbsp; &nbsp;&nbsp;&nbsp;&nbsp;&nbsp;&nbsp;&nbsp; Izabela Ka\u0142ucka<br>&nbsp;&nbsp; &nbsp;&nbsp;&nbsp; &nbsp;&nbsp;&nbsp; &nbsp;&nbsp;&nbsp; &nbsp;&nbsp;&nbsp;&nbsp;&nbsp;&nbsp;&nbsp;&nbsp;&nbsp;&nbsp;&nbsp;&nbsp;&nbsp;&nbsp;&nbsp;&nbsp;&nbsp;&nbsp;&nbsp;&nbsp;&nbsp;&nbsp; Wies\u0142aw Mu\u0142enko<\/p>\n","protected":false},"excerpt":{"rendered":"<p>Zarz\u0105d Polskiego Towarzystwa Mykologiczego:&nbsp;&nbsp; &nbsp;Prezes:&nbsp;&nbsp; &nbsp;&nbsp;&nbsp; &nbsp;&nbsp;&nbsp; &nbsp;&nbsp;&nbsp;&nbsp;&nbsp;&nbsp;&nbsp;&nbsp;&nbsp;&nbsp; Magdalena Fr\u0105c (m.frac@ipan.lublin.pl)&nbsp;&nbsp; &nbsp;Zast\u0119pca prezesa:&nbsp;&nbsp;&nbsp; Sylwia R\u00f3\u017calska (sylwia.rozalska@biol.uni.lodz.pl)&nbsp;&nbsp; &nbsp;Skarbnik:&nbsp;&nbsp; &nbsp;&nbsp;&nbsp; &nbsp;&nbsp;&nbsp;&nbsp;&nbsp;&nbsp;&nbsp;&nbsp;&nbsp;&nbsp; Ma\u0142gorzata Ruszkiewicz-Michalska (mrusz@biol.uni.lodz.pl)&nbsp;&nbsp; &nbsp;Sekretarz:&nbsp;&nbsp; &nbsp;&nbsp;&nbsp; &nbsp;&nbsp;&nbsp;&nbsp;&nbsp;&nbsp;&nbsp;&nbsp;&nbsp; Julia Paw\u0142owska (jzpawlowska@gmail.com) &nbsp;&nbsp; Komisja Rewizyjna:&nbsp;&nbsp;&nbsp; Przewodnicz\u0105cy: &nbsp; &nbsp;&nbsp;&nbsp; Jerzy D\u0142ugo\u0144ski&nbsp;&nbsp;&nbsp; Cz\u0142onkowie: &nbsp; &nbsp;&nbsp;&nbsp; &nbsp;&nbsp;&nbsp;&nbsp;&nbsp;&nbsp;&nbsp; &hellip; <a href=\"https:\/\/www.ptmyk.pl\/?page_id=4052\">Czytaj dalej <span class=\"meta-nav\">&rarr;<\/span><\/a><\/p>\n","protected":false},"author":1,"featured_media":0,"parent":716,"menu_order":0,"comment_status":"closed","ping_status":"closed","template":"","meta":{"footnotes":""},"class_list":["post-4052","page","type-page","status-publish","hentry"],"_links":{"self":[{"href":"https:\/\/www.ptmyk.pl\/index.php?rest_route=\/wp\/v2\/pages\/4052","targetHints":{"allow":["GET"]}}],"collection":[{"href":"https:\/\/www.ptmyk.pl\/index.php?rest_route=\/wp\/v2\/pages"}],"about":[{"href":"https:\/\/www.ptmyk.pl\/index.php?rest_route=\/wp\/v2\/types\/page"}],"author":[{"embeddable":true,"href":"https:\/\/www.ptmyk.pl\/index.php?rest_route=\/wp\/v2\/users\/1"}],"replies":[{"embeddable":true,"href":"https:\/\/www.ptmyk.pl\/index.php?rest_route=%2Fwp%2Fv2%2Fcomments&post=4052"}],"version-history":[{"count":1,"href":"https:\/\/www.ptmyk.pl\/index.php?rest_route=\/wp\/v2\/pages\/4052\/revisions"}],"predecessor-version":[{"id":4053,"href":"https:\/\/www.ptmyk.pl\/index.php?rest_route=\/wp\/v2\/pages\/4052\/revisions\/4053"}],"up":[{"embeddable":true,"href":"https:\/\/www.ptmyk.pl\/index.php?rest_route=\/wp\/v2\/pages\/716"}],"wp:attachment":[{"href":"https:\/\/www.ptmyk.pl\/index.php?rest_route=%2Fwp%2Fv2%2Fmedia&parent=4052"}],"curies":[{"name":"wp","href":"https:\/\/api.w.org\/{rel}","templated":true}]}}