{"id":2326,"date":"2015-05-19T23:05:20","date_gmt":"2015-05-19T21:05:20","guid":{"rendered":"https:\/\/www.ptmyk.pl\/?page_id=2326"},"modified":"2015-05-27T10:00:36","modified_gmt":"2015-05-27T08:00:36","slug":"grzybowka-krwista","status":"publish","type":"page","link":"https:\/\/www.ptmyk.pl\/?page_id=2326","title":{"rendered":"grzyb\u00f3wka krwista"},"content":{"rendered":"<p><a href=\"https:\/\/www.ptmyk.pl\/wp-content\/uploads\/2015\/05\/grzyb\u00f3wka.png\"><img loading=\"lazy\" decoding=\"async\" class=\"alignleft size-full wp-image-2377\" alt=\"grzyb\u00f3wka\" src=\"https:\/\/www.ptmyk.pl\/wp-content\/uploads\/2015\/05\/grzyb\u00f3wka.png\" width=\"196\" height=\"196\" srcset=\"https:\/\/www.ptmyk.pl\/wp-content\/uploads\/2015\/05\/grzyb\u00f3wka.png 196w, https:\/\/www.ptmyk.pl\/wp-content\/uploads\/2015\/05\/grzyb\u00f3wka-150x150.png 150w\" sizes=\"auto, (max-width: 196px) 100vw, 196px\" \/><\/a>Owocniki tego niejadalnego grzyba wyrastaj\u0105 na martwym drewnie drzew li\u015bciastych w wilgotnych lasach. Spo\u015br\u00f3d innych, podobnych grzyb\u00f3wek owocniki grzyb\u00f3wki krwistej wyr\u00f3\u017cniaj\u0105 si\u0119 wydzielaniem ciemnoczerwonego soku, kt\u00f3ry wyp\u0142ywa z uszkodzonej cz\u0119\u015bci owocnika. Ta grzyb\u00f3wka rozk\u0142ada martwe drewno przywracaj\u0105c zgromadzone w nim substancje do gleby le\u015bnej. Takie grzyby, kt\u00f3re rozk\u0142adaj\u0105 szcz\u0105tki drewna spe\u0142niaj\u0105 w lesie rol\u0119 naturalnych regulator\u00f3w \u017cyzno\u015bci gleby.<\/p>\n","protected":false},"excerpt":{"rendered":"<p>Owocniki tego niejadalnego grzyba wyrastaj\u0105 na martwym drewnie drzew li\u015bciastych w wilgotnych lasach. Spo\u015br\u00f3d innych, podobnych grzyb\u00f3wek owocniki grzyb\u00f3wki krwistej wyr\u00f3\u017cniaj\u0105 si\u0119 wydzielaniem ciemnoczerwonego soku, kt\u00f3ry wyp\u0142ywa z uszkodzonej cz\u0119\u015bci owocnika. Ta grzyb\u00f3wka rozk\u0142ada martwe drewno przywracaj\u0105c zgromadzone w nim &hellip; <a href=\"https:\/\/www.ptmyk.pl\/?page_id=2326\">Czytaj dalej <span class=\"meta-nav\">&rarr;<\/span><\/a><\/p>\n","protected":false},"author":1,"featured_media":0,"parent":2305,"menu_order":0,"comment_status":"closed","ping_status":"closed","template":"","meta":{"footnotes":""},"class_list":["post-2326","page","type-page","status-publish","hentry"],"_links":{"self":[{"href":"https:\/\/www.ptmyk.pl\/index.php?rest_route=\/wp\/v2\/pages\/2326","targetHints":{"allow":["GET"]}}],"collection":[{"href":"https:\/\/www.ptmyk.pl\/index.php?rest_route=\/wp\/v2\/pages"}],"about":[{"href":"https:\/\/www.ptmyk.pl\/index.php?rest_route=\/wp\/v2\/types\/page"}],"author":[{"embeddable":true,"href":"https:\/\/www.ptmyk.pl\/index.php?rest_route=\/wp\/v2\/users\/1"}],"replies":[{"embeddable":true,"href":"https:\/\/www.ptmyk.pl\/index.php?rest_route=%2Fwp%2Fv2%2Fcomments&post=2326"}],"version-history":[{"count":3,"href":"https:\/\/www.ptmyk.pl\/index.php?rest_route=\/wp\/v2\/pages\/2326\/revisions"}],"predecessor-version":[{"id":2422,"href":"https:\/\/www.ptmyk.pl\/index.php?rest_route=\/wp\/v2\/pages\/2326\/revisions\/2422"}],"up":[{"embeddable":true,"href":"https:\/\/www.ptmyk.pl\/index.php?rest_route=\/wp\/v2\/pages\/2305"}],"wp:attachment":[{"href":"https:\/\/www.ptmyk.pl\/index.php?rest_route=%2Fwp%2Fv2%2Fmedia&parent=2326"}],"curies":[{"name":"wp","href":"https:\/\/api.w.org\/{rel}","templated":true}]}}