{"id":2308,"date":"2015-05-19T22:51:48","date_gmt":"2015-05-19T20:51:48","guid":{"rendered":"https:\/\/www.ptmyk.pl\/?page_id=2308"},"modified":"2015-05-25T09:47:49","modified_gmt":"2015-05-25T07:47:49","slug":"borowik-szlachetny","status":"publish","type":"page","link":"https:\/\/www.ptmyk.pl\/?page_id=2308","title":{"rendered":"borowik szlachetny"},"content":{"rendered":"<p><a href=\"https:\/\/www.ptmyk.pl\/wp-content\/uploads\/2015\/05\/kania.png\"><img loading=\"lazy\" decoding=\"async\" class=\"alignleft size-full wp-image-2378\" alt=\"kania\" src=\"https:\/\/www.ptmyk.pl\/wp-content\/uploads\/2015\/05\/kania.png\" width=\"196\" height=\"196\" srcset=\"https:\/\/www.ptmyk.pl\/wp-content\/uploads\/2015\/05\/kania.png 196w, https:\/\/www.ptmyk.pl\/wp-content\/uploads\/2015\/05\/kania-150x150.png 150w\" sizes=\"auto, (max-width: 196px) 100vw, 196px\" \/><\/a>Prawdziwy kr\u00f3l lasu! Jest jednym z najsmaczniejszych i najbardziej cenionych grzyb\u00f3w jadalnych. Owocniki borowik\u00f3w maj\u0105 \u015bcis\u0142y mi\u0105\u017csz i \u017c\u00f3\u0142tawe rurki hymenoforu. Kapelusze zazwyczaj maj\u0105 br\u0105zowy kolor, a gruby, centralnie po\u0142o\u017cony trzon jest bia\u0142awy lub bia\u0142awo br\u0105zowy z siatkowatym rysunkiem. Borowiki mo\u017cna znale\u017a\u0107 w lasach iglastych i mieszanych. Ka\u017cde spotkanie z borowikiem szlachetnym to ogrom rado\u015bci.<\/p>\n","protected":false},"excerpt":{"rendered":"<p>Prawdziwy kr\u00f3l lasu! Jest jednym z najsmaczniejszych i najbardziej cenionych grzyb\u00f3w jadalnych. Owocniki borowik\u00f3w maj\u0105 \u015bcis\u0142y mi\u0105\u017csz i \u017c\u00f3\u0142tawe rurki hymenoforu. Kapelusze zazwyczaj maj\u0105 br\u0105zowy kolor, a gruby, centralnie po\u0142o\u017cony trzon jest bia\u0142awy lub bia\u0142awo br\u0105zowy z siatkowatym rysunkiem. Borowiki &hellip; <a href=\"https:\/\/www.ptmyk.pl\/?page_id=2308\">Czytaj dalej <span class=\"meta-nav\">&rarr;<\/span><\/a><\/p>\n","protected":false},"author":1,"featured_media":0,"parent":2305,"menu_order":0,"comment_status":"closed","ping_status":"closed","template":"","meta":{"footnotes":""},"class_list":["post-2308","page","type-page","status-publish","hentry"],"_links":{"self":[{"href":"https:\/\/www.ptmyk.pl\/index.php?rest_route=\/wp\/v2\/pages\/2308","targetHints":{"allow":["GET"]}}],"collection":[{"href":"https:\/\/www.ptmyk.pl\/index.php?rest_route=\/wp\/v2\/pages"}],"about":[{"href":"https:\/\/www.ptmyk.pl\/index.php?rest_route=\/wp\/v2\/types\/page"}],"author":[{"embeddable":true,"href":"https:\/\/www.ptmyk.pl\/index.php?rest_route=\/wp\/v2\/users\/1"}],"replies":[{"embeddable":true,"href":"https:\/\/www.ptmyk.pl\/index.php?rest_route=%2Fwp%2Fv2%2Fcomments&post=2308"}],"version-history":[{"count":2,"href":"https:\/\/www.ptmyk.pl\/index.php?rest_route=\/wp\/v2\/pages\/2308\/revisions"}],"predecessor-version":[{"id":2391,"href":"https:\/\/www.ptmyk.pl\/index.php?rest_route=\/wp\/v2\/pages\/2308\/revisions\/2391"}],"up":[{"embeddable":true,"href":"https:\/\/www.ptmyk.pl\/index.php?rest_route=\/wp\/v2\/pages\/2305"}],"wp:attachment":[{"href":"https:\/\/www.ptmyk.pl\/index.php?rest_route=%2Fwp%2Fv2%2Fmedia&parent=2308"}],"curies":[{"name":"wp","href":"https:\/\/api.w.org\/{rel}","templated":true}]}}