{"id":202,"date":"2012-10-02T16:01:48","date_gmt":"2012-10-02T14:01:48","guid":{"rendered":"https:\/\/www.ptmyk.pl\/?page_id=202"},"modified":"2017-05-14T12:59:07","modified_gmt":"2017-05-14T10:59:07","slug":"bozena-muszynska","status":"publish","type":"page","link":"https:\/\/www.ptmyk.pl\/?page_id=202","title":{"rendered":"Bo\u017cena Muszy\u0144ska"},"content":{"rendered":"<p><a href=\"https:\/\/www.ptmyk.pl\/wp-content\/uploads\/2012\/10\/Muszy\u0144ska.jpg\"><img loading=\"lazy\" decoding=\"async\" class=\"alignleft size-medium wp-image-204\" title=\"Muszy\u0144ska\" alt=\"\" src=\"https:\/\/www.ptmyk.pl\/wp-content\/uploads\/2012\/10\/Muszy\u0144ska-221x300.jpg\" width=\"221\" height=\"300\" srcset=\"https:\/\/www.ptmyk.pl\/wp-content\/uploads\/2012\/10\/Muszy\u0144ska-221x300.jpg 221w, https:\/\/www.ptmyk.pl\/wp-content\/uploads\/2012\/10\/Muszy\u0144ska.jpg 476w\" sizes=\"auto, (max-width: 221px) 100vw, 221px\" \/><\/a>Katedra i Zak\u0142ad Botaniki Farmaceutycznej<br \/>\nUniwersytet Jagiello\u0144ski Collegium Medicum<br \/>\nul. Medyczna 9<br \/>\n30-688 Krak\u00f3w<\/p>\n<p>Numer telefonu: (48) 12 620 54 30<\/p>\n<p>Email: muchon@poczta.fm<\/p>\n<p>Strona internetowa: brak<\/p>\n<p>&nbsp;<\/p>\n<p>&nbsp;<\/p>\n<p><span style=\"text-decoration: underline;\">Tematyka badawcza:<\/span><br \/>\nWybrane metabolity wt\u00f3rne o aktywno\u015bci biologicznej (zwi\u0105zki indolowe, fenolowe, karotenoidy) oraz pierwiastki w jadalnych grzybach Basidiomycota oraz w mycelialnych kulturach <em>in vitro<\/em> (<em>Cantharellus cibarius, Boletus badius, Agaricus bisporus<\/em>).<\/p>\n<p><span style=\"text-decoration: underline;\">Projekty i publikacje<\/span> [<a href=\"https:\/\/www.ptmyk.pl\/wp-content\/uploads\/2012\/10\/Muszy\u0144ska_publ.docx\" target=\"_blank\">pobierz plik docx<\/a>]<\/p>\n<p>&nbsp;<\/p>\n","protected":false},"excerpt":{"rendered":"<p>Katedra i Zak\u0142ad Botaniki Farmaceutycznej Uniwersytet Jagiello\u0144ski Collegium Medicum ul. Medyczna 9 30-688 Krak\u00f3w Numer telefonu: (48) 12 620 54 30 Email: muchon@poczta.fm Strona internetowa: brak &nbsp; &nbsp; Tematyka badawcza: Wybrane metabolity wt\u00f3rne o aktywno\u015bci biologicznej (zwi\u0105zki indolowe, fenolowe, karotenoidy) &hellip; <a href=\"https:\/\/www.ptmyk.pl\/?page_id=202\">Czytaj dalej <span class=\"meta-nav\">&rarr;<\/span><\/a><\/p>\n","protected":false},"author":1,"featured_media":0,"parent":34,"menu_order":0,"comment_status":"closed","ping_status":"closed","template":"","meta":{"footnotes":""},"class_list":["post-202","page","type-page","status-publish","hentry"],"_links":{"self":[{"href":"https:\/\/www.ptmyk.pl\/index.php?rest_route=\/wp\/v2\/pages\/202","targetHints":{"allow":["GET"]}}],"collection":[{"href":"https:\/\/www.ptmyk.pl\/index.php?rest_route=\/wp\/v2\/pages"}],"about":[{"href":"https:\/\/www.ptmyk.pl\/index.php?rest_route=\/wp\/v2\/types\/page"}],"author":[{"embeddable":true,"href":"https:\/\/www.ptmyk.pl\/index.php?rest_route=\/wp\/v2\/users\/1"}],"replies":[{"embeddable":true,"href":"https:\/\/www.ptmyk.pl\/index.php?rest_route=%2Fwp%2Fv2%2Fcomments&post=202"}],"version-history":[{"count":6,"href":"https:\/\/www.ptmyk.pl\/index.php?rest_route=\/wp\/v2\/pages\/202\/revisions"}],"predecessor-version":[{"id":3248,"href":"https:\/\/www.ptmyk.pl\/index.php?rest_route=\/wp\/v2\/pages\/202\/revisions\/3248"}],"up":[{"embeddable":true,"href":"https:\/\/www.ptmyk.pl\/index.php?rest_route=\/wp\/v2\/pages\/34"}],"wp:attachment":[{"href":"https:\/\/www.ptmyk.pl\/index.php?rest_route=%2Fwp%2Fv2%2Fmedia&parent=202"}],"curies":[{"name":"wp","href":"https:\/\/api.w.org\/{rel}","templated":true}]}}