{"id":1970,"date":"2015-01-21T21:49:50","date_gmt":"2015-01-21T20:49:50","guid":{"rendered":"https:\/\/www.ptmyk.pl\/?page_id=1970"},"modified":"2015-03-21T22:25:34","modified_gmt":"2015-03-21T21:25:34","slug":"tab-5-gatunki-grzybow-wielkoowocnikowych-przeniesione-z-ochrony-scislej-do-czesciowej","status":"publish","type":"page","link":"https:\/\/www.ptmyk.pl\/?page_id=1970","title":{"rendered":"Tab. 5. Gatunki grzyb\u00f3w wielkoowocnikowych przeniesione z ochrony \u015bcis\u0142ej do cz\u0119\u015bciowej."},"content":{"rendered":"<div>\n<table width=\"615\" border=\"0\" cellspacing=\"0\" cellpadding=\"0\">\n<tbody>\n<tr>\n<td width=\"29\">\n<p align=\"center\">Lp.<\/p>\n<\/td>\n<td width=\"312\">\n<p align=\"center\">Nazwa gatunku i nr pozycji listy Rozporz\u0105dzenia<\/p>\n<\/td>\n<td valign=\"bottom\" width=\"274\">\n<p align=\"center\">Gdzie mo\u017cna spotka\u0107 ten gatunek? (siedliska)<\/p>\n<\/td>\n<\/tr>\n<tr>\n<td width=\"29\"><\/td>\n<td valign=\"bottom\" width=\"312\"><b>borowikowate <i>Boletaceae<\/i><\/b><\/td>\n<td valign=\"bottom\" width=\"274\"><\/td>\n<\/tr>\n<tr>\n<td width=\"29\">\n<p align=\"center\">1<\/p>\n<\/td>\n<td valign=\"bottom\" width=\"312\"><a href=\"https:\/\/www.ptmyk.pl\/wp-content\/uploads\/2015\/01\/Xerocomus-parasiticus-foto-P.-Krzy\u015bciak.jpg\">1. <b>Podgrzybek t\u0119gosk\u00f3rowy <\/b><i>Xerocomus parasiticus<\/i><\/a><\/td>\n<td valign=\"bottom\" width=\"274\">lasy li\u015bciaste i mieszane (na owocnikach t\u0119gosk\u00f3ra cytrynowego (pospolitego)<\/td>\n<\/tr>\n<tr>\n<td width=\"29\">\n<p align=\"center\">2<\/p>\n<\/td>\n<td valign=\"bottom\" width=\"312\"><a href=\"https:\/\/www.ptmyk.pl\/wp-content\/uploads\/2015\/01\/Phylloporus-pelletieri-foto-M.-Wantoch-Rekowski.jpg\">2. <b>Poroblaszek \u017c\u00f3\u0142toczerwony<\/b> <i>Phylloporus pelletieri<\/i><\/a><\/td>\n<td valign=\"bottom\" width=\"274\">lasy li\u015bciaste i mieszane<\/td>\n<\/tr>\n<tr>\n<td width=\"29\">\n<p align=\"center\">3<\/p>\n<\/td>\n<td valign=\"bottom\" width=\"312\"><a href=\"https:\/\/www.ptmyk.pl\/wp-content\/uploads\/2015\/01\/Strobilomyces-strobilaceus-foto-M.-Wantoch-Rekowski.jpg\">3. <b>Szyszkowiec \u0142uskowaty <\/b><i>Strobilomyces strobilaceus<\/i><\/a><\/td>\n<td valign=\"bottom\" width=\"274\">lasy bukowe<\/td>\n<\/tr>\n<tr>\n<td width=\"29\"><\/td>\n<td valign=\"bottom\" width=\"312\"><b>gwiazdoszowate<i> Geastraceae<\/i><\/b><\/td>\n<td valign=\"bottom\" width=\"274\"><\/td>\n<\/tr>\n<tr>\n<td width=\"29\">\n<p align=\"center\">4<\/p>\n<\/td>\n<td valign=\"bottom\" width=\"312\"><a href=\"https:\/\/www.ptmyk.pl\/wp-content\/uploads\/2015\/01\/Geastrum-corollinum-foto-K.-Kujawa.jpg\">24.<b> Gwiazdosz brodawkowy<\/b> <i>Geastrum corollinum<\/i><\/a><\/td>\n<td valign=\"bottom\" width=\"274\">lasy li\u015bciaste<\/td>\n<\/tr>\n<tr>\n<td width=\"29\">\n<p align=\"center\">5<\/p>\n<\/td>\n<td valign=\"bottom\" width=\"312\"><a href=\"https:\/\/www.ptmyk.pl\/wp-content\/uploads\/2015\/01\/Geastrum-quadrifidum-foto-M.-Gryc.jpg\">25. <b>Gwiazdosz czteropromienny <\/b><i>Geastrum quadrifidum<\/i><\/a><\/td>\n<td valign=\"bottom\" width=\"274\">lasy iglaste i li\u015bciaste<\/td>\n<\/tr>\n<tr>\n<td width=\"29\"><\/td>\n<td valign=\"bottom\" width=\"312\"><b>jod\u0142ownicowate <i>Bondarzewiaceae<\/i><\/b><\/td>\n<td valign=\"bottom\" width=\"274\"><\/td>\n<\/tr>\n<tr>\n<td width=\"29\">\n<p align=\"center\">6<\/p>\n<\/td>\n<td valign=\"bottom\" width=\"312\"><a href=\"https:\/\/www.ptmyk.pl\/wp-content\/uploads\/2015\/01\/Bondarzewia-mesenterica-foto-G.-Domian.jpg\">26. <b>Jod\u0142ownica g\u00f3rska<\/b> <i>Bondarzewia mesenterica<\/i><\/a><\/td>\n<td valign=\"bottom\" width=\"274\">lasy iglaste (na jod\u0142ach)<\/td>\n<\/tr>\n<tr>\n<td width=\"29\"><\/td>\n<td valign=\"bottom\" width=\"312\"><b>kisielnicowate <i>Exidiaceae<\/i><\/b><\/td>\n<td valign=\"bottom\" width=\"274\"><\/td>\n<\/tr>\n<tr>\n<td width=\"29\">\n<p align=\"center\">7<\/p>\n<\/td>\n<td valign=\"bottom\" width=\"312\"><a href=\"https:\/\/www.ptmyk.pl\/wp-content\/uploads\/2015\/01\/Tremiscus-helvelloides-foto-G.-Domian.jpg\">27. <b>P\u0142omykowiec galaretowaty<\/b> <i>Tremiscus helvelloides<\/i><\/a><\/td>\n<td valign=\"bottom\" width=\"274\">lasy li\u015bciaste i mieszane, na wapiennym pod\u0142o\u017cu<\/td>\n<\/tr>\n<tr>\n<td width=\"29\"><\/td>\n<td valign=\"bottom\" width=\"312\"><b>lakownicowate <i>Ganodermataceae<\/i><\/b><\/td>\n<td valign=\"bottom\" width=\"274\"><\/td>\n<\/tr>\n<tr>\n<td width=\"29\">\n<p align=\"center\">8<\/p>\n<\/td>\n<td width=\"312\"><a href=\"https:\/\/www.ptmyk.pl\/wp-content\/uploads\/2015\/01\/Ganoderma-lucidum-foto-B.-Kud\u0142awiec.jpg\">32. <b>Lakownica \u017c\u00f3\u0142tawa<\/b> <i>Ganoderma lucidum<\/i><\/a><\/td>\n<td valign=\"bottom\" width=\"274\">lasy li\u015bciaste (na drewnie drzew li\u015bciastych, przede wszystkim olszach)<\/td>\n<\/tr>\n<tr>\n<td width=\"29\"><\/td>\n<td valign=\"bottom\" width=\"312\"><b>ma\u015blakowate <i>Suillaceae<\/i><\/b><\/td>\n<td valign=\"bottom\" width=\"274\"><\/td>\n<\/tr>\n<tr>\n<td width=\"29\">\n<p align=\"center\">9<\/p>\n<\/td>\n<td valign=\"bottom\" width=\"312\"><a href=\"https:\/\/www.ptmyk.pl\/wp-content\/uploads\/2015\/01\/Boletinus-cavipes-f.-aureus2-foto-M.-Wantoch-Rekowski.jpg\">35. <b>Borowiczak d\u0119ty<\/b> <i>Boletinus cavipes<\/i><\/a><\/td>\n<td valign=\"bottom\" width=\"274\">lasy iglaste (pod modrzewiami)<\/td>\n<\/tr>\n<tr>\n<td width=\"29\">\n<p align=\"center\">10<\/p>\n<\/td>\n<td width=\"312\"><a href=\"https:\/\/www.ptmyk.pl\/wp-content\/uploads\/2015\/01\/Suillus-flavidus-3-fot.-M.-Wrzosek.jpg\">36. <b>Ma\u015blak b\u0142otny <\/b>(\u017c\u00f3\u0142tawy) <i>Suillus flavidus<\/i><\/a><\/td>\n<td valign=\"bottom\" width=\"274\">lasy sosnowe na pod\u0142o\u017cu torfowym, torfowiska<\/td>\n<\/tr>\n<tr>\n<td width=\"29\"><\/td>\n<td valign=\"bottom\" width=\"312\"><b>ozorkowate <i>Fistulinaceae<\/i><\/b><\/td>\n<td valign=\"bottom\" width=\"274\"><\/td>\n<\/tr>\n<tr>\n<td width=\"29\">\n<p align=\"center\">11<\/p>\n<\/td>\n<td valign=\"bottom\" width=\"312\"><a href=\"https:\/\/www.ptmyk.pl\/wp-content\/uploads\/2015\/01\/Fistulina-hepatica-foto-B.-Kud\u0142awiec.jpg\">38.<b> Ozorek d\u0119bowy<\/b> <i>Fistulina hepatica<\/i><\/a><\/td>\n<td valign=\"bottom\" width=\"274\">lasy li\u015bciste i mieszane, parki (na d\u0119bach)<\/td>\n<\/tr>\n<tr>\n<td width=\"29\"><\/td>\n<td valign=\"bottom\" width=\"312\"><b>pieczarkowate <i>Agaricaceae<\/i><\/b><\/td>\n<td valign=\"bottom\" width=\"274\"><\/td>\n<\/tr>\n<tr>\n<td width=\"29\">\n<p align=\"center\">12<\/p>\n<\/td>\n<td valign=\"bottom\" width=\"312\"><a href=\"https:\/\/www.ptmyk.pl\/wp-content\/uploads\/2015\/01\/Bovista-paludosa-foto-G.-Domian.jpg\">39. <b>Kurzawka bagienna<\/b> <i>Bovista paludosa<\/i><\/a><\/td>\n<td valign=\"bottom\" width=\"274\">torfowiska, wilgotne \u0142\u0105ki<\/td>\n<\/tr>\n<tr>\n<td width=\"29\"><\/td>\n<td valign=\"bottom\" width=\"312\"><b>pniarkowate <i>Fomitopsidaceae<\/i><\/b><\/td>\n<td valign=\"bottom\" width=\"274\"><\/td>\n<\/tr>\n<tr>\n<td width=\"29\">\n<p align=\"center\">13<\/p>\n<\/td>\n<td valign=\"bottom\" width=\"312\">43. <b>Pniarek r\u00f3\u017cowy<\/b> <i>Fomitopsis rosea<\/i><\/td>\n<td valign=\"bottom\" width=\"274\">lasy iglaste (na \u015bwierkach)<\/td>\n<\/tr>\n<tr>\n<td width=\"29\">\n<p align=\"center\">14<\/p>\n<\/td>\n<td valign=\"bottom\" width=\"312\"><a href=\"https:\/\/www.ptmyk.pl\/wp-content\/uploads\/2015\/01\/Grifola-frondosa-foto-B.-Kud\u0142awiec.jpg\">44. <b>\u017bagwica listkowata<\/b> <i>Grifola frondosa<\/i><\/a><\/td>\n<td valign=\"bottom\" width=\"274\">lasy li\u015bciaste, parki (przede wszystkim na d\u0119bach, grabach, bukach)<\/td>\n<\/tr>\n<tr>\n<td width=\"29\"><\/td>\n<td valign=\"bottom\" width=\"312\"><b>siatkoblaszkowate <i>Gomphaceae<\/i><\/b><\/td>\n<td valign=\"bottom\" width=\"274\"><\/td>\n<\/tr>\n<tr>\n<td width=\"29\">\n<p align=\"center\">15<\/p>\n<\/td>\n<td valign=\"bottom\" width=\"312\"><a href=\"https:\/\/www.ptmyk.pl\/wp-content\/uploads\/2015\/01\/Clavariadelphus-truncatus-foto-M.-Kozak.jpg\">45. <b>Bu\u0142awka obci\u0119ta <\/b><i>Clavariadelphus truncatus<\/i><\/a><\/td>\n<td valign=\"bottom\" width=\"274\">lasy li\u015bciaste i mieszane<\/td>\n<\/tr>\n<tr>\n<td width=\"29\">\n<p align=\"center\">16<\/p>\n<\/td>\n<td valign=\"bottom\" width=\"312\"><a href=\"https:\/\/www.ptmyk.pl\/wp-content\/uploads\/2015\/01\/Clavariadelphus-pistilaris-foto-G.-Domian.jpg\">46. <b>Bu\u0142awka pa\u0142eczkowata<\/b> <i>Clavariadelphus pistilaris<\/i><\/a><\/td>\n<td valign=\"bottom\" width=\"274\">lasy li\u015bciaste i mieszane<\/td>\n<\/tr>\n<tr>\n<td width=\"29\">\n<p align=\"center\">17<\/p>\n<\/td>\n<td valign=\"bottom\" width=\"312\">47. <b>Bu\u0142awka sp\u0142aszczona<\/b> <i>Clavariadelphus ligula<\/i><\/td>\n<td valign=\"bottom\" width=\"274\">lasy iglaste<\/td>\n<\/tr>\n<tr>\n<td width=\"29\">\n<p align=\"center\">18<\/p>\n<\/td>\n<td valign=\"bottom\" width=\"312\"><a href=\"https:\/\/www.ptmyk.pl\/wp-content\/uploads\/2015\/01\/Gomphus-clavatus-foto-M.-Wantoch-Rekowski.jpg\">48. <b>Siatkoblaszek maczugowaty<\/b> <i>Gomphus clavatus<\/i><\/a><\/td>\n<td valign=\"bottom\" width=\"274\">lasy iglaste i mieszane<\/td>\n<\/tr>\n<tr>\n<td width=\"29\"><\/td>\n<td valign=\"bottom\" width=\"312\"><b>siedzuniowate <i>Sparassidaceae<\/i><\/b><\/td>\n<td valign=\"bottom\" width=\"274\"><\/td>\n<\/tr>\n<tr>\n<td width=\"29\">\n<p align=\"center\">19<\/p>\n<\/td>\n<td width=\"312\"><a href=\"https:\/\/www.ptmyk.pl\/wp-content\/uploads\/2015\/01\/Sparassis-brevipes-foto-G.-Domian.jpg\">49. <b>Siedzu\u0144 d\u0119bowy<\/b> <i>Sparassis brevipes<\/i><\/a><\/td>\n<td valign=\"bottom\" width=\"274\">lasy li\u015bciaste i mieszane (na d\u0119bach i jod\u0142ach)<\/td>\n<\/tr>\n<tr>\n<td width=\"29\"><\/td>\n<td valign=\"bottom\" width=\"312\"><b>smardzowate <i>Morchellaceae<\/i><\/b><\/td>\n<td valign=\"bottom\" width=\"274\"><\/td>\n<\/tr>\n<tr>\n<td width=\"29\">\n<p align=\"center\">20<\/p>\n<\/td>\n<td valign=\"bottom\" width=\"312\"><a href=\"https:\/\/www.ptmyk.pl\/wp-content\/uploads\/2015\/01\/Verpa-bohemica-foto-M.-Kozak.jpg\">51. <b>Naparstniczka czeska<\/b> <i>Verpa bohemic<\/i>a<\/a><\/td>\n<td valign=\"bottom\" width=\"274\">\u017cyzne lasy li\u015bciaste (\u0142\u0119gi), zaro\u015bla<\/td>\n<\/tr>\n<tr>\n<td width=\"29\">\n<p align=\"center\">21<\/p>\n<\/td>\n<td valign=\"bottom\" width=\"312\"><a href=\"https:\/\/www.ptmyk.pl\/wp-content\/uploads\/2015\/01\/Verpa-conica-foto-K.-Kujawa.jpg\">52. <b>Naparstniczka sto\u017ckowata<\/b> <i>Verpa conica<\/i><\/a><\/td>\n<td valign=\"bottom\" width=\"274\">\u017cyzne lasy li\u015bciaste (\u0142\u0119gi), zaro\u015bla<\/td>\n<\/tr>\n<tr>\n<td width=\"29\">\n<p align=\"center\">22<\/p>\n<\/td>\n<td valign=\"bottom\" width=\"312\"><a href=\"https:\/\/www.ptmyk.pl\/wp-content\/uploads\/2015\/01\/Morchella-esculenta-foto-B.-Kud\u0142awiec.jpg\">54. <b>Smardz jadalny<\/b> <i>Morchella esculenta<\/i><\/a>\u2013 okazy rosn\u0105ce poza terenem ogrod\u00f3w, upraw ogrodniczych, szk\u00f3\u0142ek le\u015bnych oraz poza terenami zieleni<\/td>\n<td valign=\"bottom\" width=\"274\">\u017cyzne lasy li\u015bciaste (\u0142\u0119gi), zaro\u015bla<\/td>\n<\/tr>\n<tr>\n<td width=\"29\">\n<p align=\"center\">23<\/p>\n<\/td>\n<td valign=\"bottom\" width=\"312\"><a href=\"https:\/\/www.ptmyk.pl\/wp-content\/uploads\/2015\/01\/Morchella-gigas-foto-K.-Kujawa.jpg\">55. <b>Smardz p\u00f3\u0142wolny<\/b> <i>Morchella gigas<\/i>\u2013 <\/a>okazy rosn\u0105ce poza terenem ogrod\u00f3w, upraw ogrodniczych, szk\u00f3\u0142ek le\u015bnych oraz poza terenami zieleni<\/td>\n<td valign=\"bottom\" width=\"274\">\u017cyzne lasy li\u015bciaste (\u0142\u0119gi), zaro\u015bla<\/td>\n<\/tr>\n<tr>\n<td width=\"29\">\n<p align=\"center\">24<\/p>\n<\/td>\n<td valign=\"bottom\" width=\"312\"><a href=\"https:\/\/www.ptmyk.pl\/wp-content\/uploads\/2015\/01\/Morchella-conica-foto-M.-Wantoch-Rekowski.jpg\">56. <b>Smardz sto\u017ckowaty<\/b> <i>Morchella conica<\/i><\/a>\u2013 okazy rosn\u0105ce poza terenem ogrod\u00f3w, upraw ogrodniczych, szk\u00f3\u0142ek le\u015bnych oraz poza terenami zieleni<\/td>\n<td valign=\"bottom\" width=\"274\">\u017cyzne lasy li\u015bciaste (\u0142\u0119gi), zaro\u015bla<\/td>\n<\/tr>\n<tr>\n<td width=\"29\">\n<p align=\"center\">25<\/p>\n<\/td>\n<td valign=\"bottom\" width=\"312\"><a href=\"https:\/\/www.ptmyk.pl\/wp-content\/uploads\/2015\/01\/Morchella-elata-2-foto-M.-Wantoch-Rekowski.jpg\">57. <b>Smardz wynios\u0142y<\/b> <i>Morchella elata<\/i><\/a>\u2013 okazy rosn\u0105ce poza terenem ogrod\u00f3w, upraw ogrodniczych, szk\u00f3\u0142ek le\u015bnych oraz poza terenami zieleni<\/td>\n<td valign=\"bottom\" width=\"274\">\u017cyzne lasy li\u015bciaste (\u0142\u0119gi), zaro\u015bla<\/td>\n<\/tr>\n<tr>\n<td width=\"29\"><\/td>\n<td valign=\"bottom\" width=\"312\"><b>sopl\u00f3wkowate <i>Hericiaceae<\/i><\/b><\/td>\n<td valign=\"bottom\" width=\"274\"><\/td>\n<\/tr>\n<tr>\n<td width=\"29\">\n<p align=\"center\">26<\/p>\n<\/td>\n<td width=\"312\"><a href=\"https:\/\/www.ptmyk.pl\/wp-content\/uploads\/2015\/01\/Hericium-coralloides-foto-K.-K\u0119dra.jpg\">58. <b>Sopl\u00f3wka bukowa<\/b> <i>Hericium coralloides<\/i><\/a><\/td>\n<td valign=\"bottom\" width=\"274\">lasy li\u015bciaste i mieszane (na bukach, klonach, brzozach)<\/td>\n<\/tr>\n<tr>\n<td width=\"29\">\n<p align=\"center\">27<\/p>\n<\/td>\n<td valign=\"bottom\" width=\"312\"><a href=\"https:\/\/www.ptmyk.pl\/wp-content\/uploads\/2015\/01\/Hericium-flagellum-2-foto-B.-Kud\u0142awiec.jpg\">59. <b>Sopl\u00f3wka jod\u0142owa <\/b><i>Hericium flagellum<\/i><\/a><\/td>\n<td valign=\"bottom\" width=\"274\">lasy iglaste i mieszane (na jod\u0142ach)<\/td>\n<\/tr>\n<tr>\n<td width=\"29\"><\/td>\n<td valign=\"bottom\" width=\"312\"><b>\u017cagwiowate <i>Polyporaceae<\/i><\/b><\/td>\n<td valign=\"bottom\" width=\"274\"><\/td>\n<\/tr>\n<tr>\n<td width=\"29\">\n<p align=\"center\">28<\/p>\n<\/td>\n<td width=\"312\"><a href=\"https:\/\/www.ptmyk.pl\/wp-content\/uploads\/2015\/01\/Polyporus-umbellatus-foto-M.-Wantoch-Rekowski.jpg\">52. <b>\u017bagiew wielog\u0142owa<\/b> <i>Polyporus umbellatus<\/i><\/a><\/td>\n<td valign=\"bottom\" width=\"274\">lasy li\u015bciaste (przede wszystkim na d\u0119bach, grabach i bukach)<\/td>\n<\/tr>\n<\/tbody>\n<\/table>\n<\/div>\n","protected":false},"excerpt":{"rendered":"<p>Lp. Nazwa gatunku i nr pozycji listy Rozporz\u0105dzenia Gdzie mo\u017cna spotka\u0107 ten gatunek? (siedliska) borowikowate Boletaceae 1 1. Podgrzybek t\u0119gosk\u00f3rowy Xerocomus parasiticus lasy li\u015bciaste i mieszane (na owocnikach t\u0119gosk\u00f3ra cytrynowego (pospolitego) 2 2. Poroblaszek \u017c\u00f3\u0142toczerwony Phylloporus pelletieri lasy li\u015bciaste i &hellip; <a href=\"https:\/\/www.ptmyk.pl\/?page_id=1970\">Czytaj dalej <span class=\"meta-nav\">&rarr;<\/span><\/a><\/p>\n","protected":false},"author":1,"featured_media":0,"parent":7,"menu_order":0,"comment_status":"closed","ping_status":"closed","template":"","meta":{"footnotes":""},"class_list":["post-1970","page","type-page","status-publish","hentry"],"_links":{"self":[{"href":"https:\/\/www.ptmyk.pl\/index.php?rest_route=\/wp\/v2\/pages\/1970","targetHints":{"allow":["GET"]}}],"collection":[{"href":"https:\/\/www.ptmyk.pl\/index.php?rest_route=\/wp\/v2\/pages"}],"about":[{"href":"https:\/\/www.ptmyk.pl\/index.php?rest_route=\/wp\/v2\/types\/page"}],"author":[{"embeddable":true,"href":"https:\/\/www.ptmyk.pl\/index.php?rest_route=\/wp\/v2\/users\/1"}],"replies":[{"embeddable":true,"href":"https:\/\/www.ptmyk.pl\/index.php?rest_route=%2Fwp%2Fv2%2Fcomments&post=1970"}],"version-history":[{"count":15,"href":"https:\/\/www.ptmyk.pl\/index.php?rest_route=\/wp\/v2\/pages\/1970\/revisions"}],"predecessor-version":[{"id":2230,"href":"https:\/\/www.ptmyk.pl\/index.php?rest_route=\/wp\/v2\/pages\/1970\/revisions\/2230"}],"up":[{"embeddable":true,"href":"https:\/\/www.ptmyk.pl\/index.php?rest_route=\/wp\/v2\/pages\/7"}],"wp:attachment":[{"href":"https:\/\/www.ptmyk.pl\/index.php?rest_route=%2Fwp%2Fv2%2Fmedia&parent=1970"}],"curies":[{"name":"wp","href":"https:\/\/api.w.org\/{rel}","templated":true}]}}