{"id":1966,"date":"2015-01-21T21:48:19","date_gmt":"2015-01-21T20:48:19","guid":{"rendered":"https:\/\/www.ptmyk.pl\/?page_id=1966"},"modified":"2015-02-09T22:01:41","modified_gmt":"2015-02-09T21:01:41","slug":"tab-3-gatunki-grzybow-wielkoowocnikowych-wlaczone-do-kategorii-ochrony-scislej-w-stosunku-do-listy-poprzedniego-rozporzadzenia","status":"publish","type":"page","link":"https:\/\/www.ptmyk.pl\/?page_id=1966","title":{"rendered":"Tab. 3. Gatunki grzyb\u00f3w wielkoowocnikowych w\u0142\u0105czone do kategorii ochrony \u015bcis\u0142ej w stosunku do listy poprzedniego Rozporz\u0105dzenia."},"content":{"rendered":"<div>\n<table width=\"606\" border=\"0\" cellspacing=\"0\" cellpadding=\"0\">\n<tbody>\n<tr>\n<td rowspan=\"2\" width=\"29\">\n<p align=\"center\">Lp.<\/p>\n<\/td>\n<td rowspan=\"2\" width=\"312\">\n<p align=\"center\">Nazwa gatunku i nr pozycji listy Rozporz\u0105dzenia<\/p>\n<\/td>\n<td rowspan=\"2\" width=\"265\">\n<p align=\"center\">Gdzie mo\u017cna spotka\u0107 ten gatunek? (siedliska)<\/p>\n<\/td>\n<td width=\"0\" height=\"18\"><\/td>\n<\/tr>\n<tr>\n<td width=\"0\" height=\"18\"><\/td>\n<\/tr>\n<tr>\n<td valign=\"top\" width=\"29\"><\/td>\n<td valign=\"top\" width=\"312\"><b><i>Physalacriaceae**<\/i><\/b><\/td>\n<td valign=\"top\" width=\"265\"><\/td>\n<td width=\"0\" height=\"29\"><\/td>\n<\/tr>\n<tr>\n<td valign=\"top\" width=\"29\">\n<p align=\"center\">1<\/p>\n<\/td>\n<td valign=\"top\" width=\"312\"><a href=\"https:\/\/www.ptmyk.pl\/wp-content\/uploads\/2015\/01\/Armillaria-ectypa-foto-M.-Stasi\u0144ska.jpg\">2. <b>Opie\u0144ka torfowiskowa<\/b> (1) <i>Armillaria ectypa<\/i><\/a><\/td>\n<td valign=\"top\" width=\"265\">torfowiska, pomi\u0119dzy <i>Sphagnum<\/i><\/td>\n<td width=\"0\" height=\"17\"><\/td>\n<\/tr>\n<tr>\n<td valign=\"top\" width=\"29\">\n<p align=\"center\">2<\/p>\n<\/td>\n<td valign=\"top\" width=\"312\"><a href=\"https:\/\/www.ptmyk.pl\/wp-content\/uploads\/2015\/01\/Rhodotus-palmatus-foto-M.-Snowarski.jpg\">3. <b>\u017by\u0142kowiec r\u00f3\u017cowawy<\/b> (1)<i> Rhodotus palmatus<\/i><\/a><\/td>\n<td valign=\"top\" width=\"265\">lasy li\u015bciaste, martwe drewno przede wszystkim wi\u0105z\u00f3w (<i>Ulmus<\/i> spp.)<\/td>\n<td width=\"0\" height=\"17\"><\/td>\n<\/tr>\n<tr>\n<td valign=\"top\" width=\"29\"><\/td>\n<td valign=\"top\" width=\"312\"><b><i>Sarcosomataceae**<\/i><\/b><\/td>\n<td valign=\"top\" width=\"265\"><\/td>\n<td width=\"0\" height=\"31\"><\/td>\n<\/tr>\n<tr>\n<td valign=\"top\" width=\"29\">\n<p align=\"center\">3<\/p>\n<\/td>\n<td valign=\"top\" width=\"312\">4. <i>Sarcosoma globosum<\/i>*<\/td>\n<td valign=\"top\" width=\"265\">mszyste lasy \u015bwierkowe<\/td>\n<td width=\"0\" height=\"17\"><\/td>\n<\/tr>\n<tr>\n<td valign=\"top\" width=\"29\"><\/td>\n<td valign=\"top\" width=\"312\"><b>boczniakowate <i>Pleurotaceae<\/i><\/b><\/td>\n<td valign=\"top\" width=\"265\"><\/td>\n<td width=\"0\" height=\"29\"><\/td>\n<\/tr>\n<tr>\n<td valign=\"top\" width=\"29\">\n<p align=\"center\">4<\/p>\n<\/td>\n<td valign=\"top\" width=\"312\">5. <b>Boczniak miko\u0142ajkowy<\/b> (1) <i>Pleurotus eryngii<\/i><\/td>\n<td valign=\"top\" width=\"265\">murawy (na korzeniach ro\u015blin z rodziny <i>Apiaceae<\/i>)<\/td>\n<td width=\"0\" height=\"17\"><\/td>\n<\/tr>\n<tr>\n<td valign=\"top\" width=\"29\"><\/td>\n<td valign=\"top\" width=\"312\"><b>borowikowate <i>Boletaceae<\/i><\/b><\/td>\n<td valign=\"top\" width=\"265\"><\/td>\n<td width=\"0\" height=\"24\"><\/td>\n<\/tr>\n<tr>\n<td valign=\"top\" width=\"29\">\n<p align=\"center\">5<\/p>\n<\/td>\n<td valign=\"top\" width=\"312\"><a href=\"https:\/\/www.ptmyk.pl\/wp-content\/uploads\/2015\/01\/Boletus-satans-foto-R.-Rutkowski.jpg\">8. <b>Borowik szata\u0144ski<\/b> (1) <i>Boletus satanas<\/i><\/a><\/td>\n<td valign=\"top\" width=\"265\">lasy bukowe i d\u0119bowe na glebach wapiennych<\/td>\n<td width=\"0\" height=\"17\"><\/td>\n<\/tr>\n<tr>\n<td valign=\"top\" width=\"29\"><\/td>\n<td valign=\"top\" width=\"312\"><b>pniarkowate <i>Fomitopsidaceae<\/i><\/b><\/td>\n<td valign=\"top\" width=\"265\"><\/td>\n<td width=\"0\" height=\"25\"><\/td>\n<\/tr>\n<tr>\n<td valign=\"top\" width=\"29\">\n<p align=\"center\">6<\/p>\n<\/td>\n<td valign=\"top\" width=\"312\"><a href=\"https:\/\/www.ptmyk.pl\/wp-content\/uploads\/2015\/01\/Piptoporus-quercinus-foto-A.-Szczepkowski.jpg\">45. <b>Poroj\u0119zyk d\u0119bowy<\/b> (1) <i>Buglossoporus quercinus<\/i><\/a><\/td>\n<td valign=\"top\" width=\"265\">lasy li\u015bciaste, na starych, \u017cyj\u0105cych lub obumar\u0142ych d\u0119bach<\/td>\n<td width=\"0\" height=\"17\"><\/td>\n<\/tr>\n<tr>\n<td valign=\"top\" width=\"29\"><\/td>\n<td valign=\"top\" width=\"312\"><b>pow\u0142ocznikowate <i>Corticiaceae<\/i><\/b><\/td>\n<td valign=\"top\" width=\"265\"><\/td>\n<td width=\"0\" height=\"25\"><\/td>\n<\/tr>\n<tr>\n<td valign=\"top\" width=\"29\">\n<p align=\"center\">7<\/p>\n<\/td>\n<td valign=\"top\" width=\"312\">47. <b>Pow\u0142ocznik bia\u0142ofioletowy<\/b> (1) <i>Corticium polygonioides<\/i><\/td>\n<td valign=\"top\" width=\"265\">lasy li\u015bciaste, na martwych ga\u0142\u0119ziach leszczyn i wierzb<\/td>\n<td width=\"0\" height=\"17\"><\/td>\n<\/tr>\n<tr>\n<td valign=\"top\" width=\"29\"><\/td>\n<td valign=\"top\" width=\"312\"><b>t\u0119gosk\u00f3rowate <i>Sclerodermataceae<\/i><\/b><\/td>\n<td valign=\"top\" width=\"265\"><\/td>\n<td width=\"0\" height=\"24\"><\/td>\n<\/tr>\n<tr>\n<td valign=\"top\" width=\"29\">\n<p align=\"center\">8<\/p>\n<\/td>\n<td valign=\"top\" width=\"312\"><a href=\"https:\/\/www.ptmyk.pl\/wp-content\/uploads\/2015\/01\/Scleroderma-septentrionale-foto-P.-Mleczko.jpg\">50. <b>T\u0119gosk\u00f3r korzeniasty<\/b> (1) <i>Scleroderma septentrionale<\/i><\/a><\/td>\n<td valign=\"top\" width=\"265\">wydmy<\/td>\n<td width=\"0\" height=\"17\"><\/td>\n<\/tr>\n<tr>\n<td valign=\"top\" width=\"29\"><\/td>\n<td valign=\"top\" width=\"312\"><b>\u017cagwiowate <i>Polyporaceae<\/i><\/b><\/td>\n<td valign=\"top\" width=\"265\"><\/td>\n<td width=\"0\" height=\"25\"><\/td>\n<\/tr>\n<tr>\n<td valign=\"top\" width=\"29\">\n<p align=\"center\">9<\/p>\n<\/td>\n<td valign=\"top\" width=\"312\">53. <b>Szkieletnica wonna<\/b> (1) <i>Skeletocutis odora<\/i><\/td>\n<td valign=\"top\" width=\"265\">lasy iglaste, na martwym drewnie drzew iglastych, rzadko na osice<\/td>\n<td width=\"0\" height=\"17\"><\/td>\n<\/tr>\n<tr>\n<td valign=\"top\" width=\"29\">\n<p align=\"center\">10<\/p>\n<\/td>\n<td valign=\"top\" width=\"312\"><a href=\"https:\/\/www.ptmyk.pl\/wp-content\/uploads\/2015\/01\/Polyporus-rhizophilus-foto-J.-\u0141uszczy\u0144ski.jpg\">54. <b>\u017bagiew korzonkowa<\/b> (1) <i>Polyporus rhizophilus<\/i><\/a><\/td>\n<td valign=\"top\" width=\"265\">murawy, na korzeniach traw (m. in. <i>Stipa<\/i> spp.)<\/td>\n<td width=\"0\" height=\"17\"><\/td>\n<\/tr>\n<\/tbody>\n<\/table>\n<\/div>\n<div>\n<p>* Brak nazwy gatunkowej polskiej,<\/p>\n<\/div>\n<div>\n<p>** Brak nazwy rodzajowej polskiej, (1) \u2013 gatunek, dla kt\u00f3rego nie stosuje si\u0119 odst\u0119pstwa od zakaz\u00f3w okre\u015blonego w \u00a7 7 pkt 1 Rozporz\u0105dzenia Ministra \u015arodowiska z dnia 9 pa\u017adziernika 2014 r. w sprawie ochrony gatunkowej grzyb\u00f3w (Dz. U. poz. 1408).<\/p>\n<\/div>\n","protected":false},"excerpt":{"rendered":"<p>Lp. Nazwa gatunku i nr pozycji listy Rozporz\u0105dzenia Gdzie mo\u017cna spotka\u0107 ten gatunek? (siedliska) Physalacriaceae** 1 2. Opie\u0144ka torfowiskowa (1) Armillaria ectypa torfowiska, pomi\u0119dzy Sphagnum 2 3. \u017by\u0142kowiec r\u00f3\u017cowawy (1) Rhodotus palmatus lasy li\u015bciaste, martwe drewno przede wszystkim wi\u0105z\u00f3w (Ulmus &hellip; <a href=\"https:\/\/www.ptmyk.pl\/?page_id=1966\">Czytaj dalej <span class=\"meta-nav\">&rarr;<\/span><\/a><\/p>\n","protected":false},"author":1,"featured_media":0,"parent":7,"menu_order":0,"comment_status":"closed","ping_status":"closed","template":"","meta":{"footnotes":""},"class_list":["post-1966","page","type-page","status-publish","hentry"],"_links":{"self":[{"href":"https:\/\/www.ptmyk.pl\/index.php?rest_route=\/wp\/v2\/pages\/1966","targetHints":{"allow":["GET"]}}],"collection":[{"href":"https:\/\/www.ptmyk.pl\/index.php?rest_route=\/wp\/v2\/pages"}],"about":[{"href":"https:\/\/www.ptmyk.pl\/index.php?rest_route=\/wp\/v2\/types\/page"}],"author":[{"embeddable":true,"href":"https:\/\/www.ptmyk.pl\/index.php?rest_route=\/wp\/v2\/users\/1"}],"replies":[{"embeddable":true,"href":"https:\/\/www.ptmyk.pl\/index.php?rest_route=%2Fwp%2Fv2%2Fcomments&post=1966"}],"version-history":[{"count":3,"href":"https:\/\/www.ptmyk.pl\/index.php?rest_route=\/wp\/v2\/pages\/1966\/revisions"}],"predecessor-version":[{"id":2118,"href":"https:\/\/www.ptmyk.pl\/index.php?rest_route=\/wp\/v2\/pages\/1966\/revisions\/2118"}],"up":[{"embeddable":true,"href":"https:\/\/www.ptmyk.pl\/index.php?rest_route=\/wp\/v2\/pages\/7"}],"wp:attachment":[{"href":"https:\/\/www.ptmyk.pl\/index.php?rest_route=%2Fwp%2Fv2%2Fmedia&parent=1966"}],"curies":[{"name":"wp","href":"https:\/\/api.w.org\/{rel}","templated":true}]}}