{"id":1964,"date":"2015-01-21T21:48:39","date_gmt":"2015-01-21T20:48:39","guid":{"rendered":"https:\/\/www.ptmyk.pl\/?page_id=1964"},"modified":"2015-03-27T20:34:03","modified_gmt":"2015-03-27T19:34:03","slug":"tab-2-gatunki-grzybow-wielkoowocnikowych-pozostajace-nadal-pod-ochrona-scisla","status":"publish","type":"page","link":"https:\/\/www.ptmyk.pl\/?page_id=1964","title":{"rendered":"Tab. 2. Gatunki grzyb\u00f3w wielkoowocnikowych pozostaj\u0105ce nadal pod ochron\u0105 \u015bcis\u0142\u0105."},"content":{"rendered":"<div>\n<table width=\"700\" border=\"0\" cellspacing=\"0\" cellpadding=\"0\">\n<tbody>\n<tr>\n<td width=\"48\">L.p.<\/td>\n<td width=\"548\">\n<p align=\"center\">Nazwa gatunku i numer pozycji listy Rozporz\u0105dzenia<\/p>\n<\/td>\n<td width=\"283\">\n<p align=\"center\">Gdzie mo\u017cna spotka\u0107 ten gatunek? (siedliska)<\/p>\n<\/td>\n<\/tr>\n<tr>\n<td width=\"29\"><\/td>\n<td width=\"283\"><b><i>Diplocystaceae<\/i><\/b><b>**<\/b><\/td>\n<td width=\"293\"><\/td>\n<\/tr>\n<tr>\n<td width=\"29\">\n<p align=\"center\">1<\/p>\n<\/td>\n<td width=\"283\">1. <b>Promieniak wilgociomierz<\/b> <i>Astraeus hygrometricus<\/i><\/td>\n<td width=\"293\">obrze\u017ca widnych las\u00f3w iglastych i li\u015bciastych<\/td>\n<\/tr>\n<tr>\n<td width=\"29\"><\/td>\n<td width=\"283\"><b>borowikowate <i>Boletaceae<\/i><\/b><\/td>\n<td width=\"293\"><\/td>\n<\/tr>\n<tr>\n<td width=\"29\">\n<p align=\"center\">2<\/p>\n<\/td>\n<td width=\"283\"><a href=\"https:\/\/www.ptmyk.pl\/wp-content\/uploads\/2015\/01\/Boletus-radicans-foto-R.-Rutkowski.jpg\">6. <b>Borowik korzeniasty (1)<\/b> <i>Boletus radicans<\/i><\/a><\/td>\n<td width=\"293\">lasy li\u015bciaste na glebach wapiennych<\/td>\n<\/tr>\n<tr>\n<td width=\"29\">\n<p align=\"center\">3<\/p>\n<\/td>\n<td width=\"283\"><a href=\"https:\/\/www.ptmyk.pl\/wp-content\/uploads\/2015\/01\/Boletus-regius-foto-R.-Rutkowski.jpg\">7. <b>Borowik \u017c\u00f3\u0142tobr\u0105zowy <\/b>podgat. <b>kr\u00f3lewski (1)<\/b> <i>Boletus appendiculatus <\/i>ssp.<i> regius<\/i><\/a><\/td>\n<td width=\"293\">lasy li\u015bciaste na glebach wapiennych<\/td>\n<\/tr>\n<tr>\n<td width=\"29\"><\/td>\n<td width=\"283\"><b>czarkowate <i>Sarcoscyphaceae<\/i><\/b><\/td>\n<td width=\"293\"><\/td>\n<\/tr>\n<tr>\n<td width=\"29\">\n<p align=\"center\">4<\/p>\n<\/td>\n<td width=\"283\"><a href=\"https:\/\/www.ptmyk.pl\/wp-content\/uploads\/2015\/03\/Microstoma-protracta-foto-R.-Rutkowski.jpg\" target=\"_blank\">9. <b>Czareczka d\u0142ugotrzonowa <\/b>(1) <i>Microstoma protracta<\/i><\/a><\/td>\n<td width=\"293\">lasy li\u015bciaste i mieszane<\/td>\n<\/tr>\n<tr>\n<td width=\"29\">\n<p align=\"center\">5<\/p>\n<\/td>\n<td width=\"283\">10. <b>Czarka jurajska<\/b> (1) <i>Sarcoscypha jurana<\/i><\/td>\n<td width=\"293\">lasy li\u015bciaste (na drewnie lip)<\/td>\n<\/tr>\n<tr>\n<td width=\"29\"><\/td>\n<td width=\"283\"><b>g\u0105skowate <i>Tricholomataceae<\/i><\/b><\/td>\n<td width=\"293\"><\/td>\n<\/tr>\n<tr>\n<td width=\"29\">\n<p align=\"center\">6<\/p>\n<\/td>\n<td width=\"283\"><a href=\"https:\/\/www.ptmyk.pl\/wp-content\/uploads\/2015\/01\/Catathelasma-imperiale-foto-M.-Kozak.jpg\">11. <b>Dwupier\u015bcieniak cesarski (1) <\/b><i>Catathelasma imperiale<\/i><\/a><\/td>\n<td width=\"293\">lasy iglaste na wapiennym pod\u0142o\u017cu<\/td>\n<\/tr>\n<tr>\n<td width=\"29\">\n<p align=\"center\">7<\/p>\n<\/td>\n<td width=\"283\"><a href=\"https:\/\/www.ptmyk.pl\/wp-content\/uploads\/2015\/01\/Hygrocybe-calyptriformis-foto-R.-Rutkowski.jpg\">12. <b>Wilgotnica czapeczkowata (1)<\/b> <i>Hygrocybe calyptriformis<\/i><\/a><\/td>\n<td width=\"293\">nienawo\u017cone \u0142\u0105ki<\/td>\n<\/tr>\n<tr>\n<td width=\"29\"><\/td>\n<td width=\"283\"><b>gwiazdoszowate<i> <\/i><i>Geastraceae<\/i><\/b><\/td>\n<td width=\"293\"><\/td>\n<\/tr>\n<tr>\n<td width=\"29\">\n<p align=\"center\">8<\/p>\n<\/td>\n<td width=\"283\"><a href=\"https:\/\/www.ptmyk.pl\/wp-content\/uploads\/2015\/01\/Myriostoma-coliforme-foto-M.-Wantoch-Rekowski.jpg\">13. <b>Gwiazda wieloporowa<\/b> (1) <i>Myriostoma coliforme<\/i><\/a><\/td>\n<td width=\"293\">lasy li\u015bciaste (gr\u0105dy, \u0142\u0119gi)<\/td>\n<\/tr>\n<tr>\n<td width=\"29\">\n<p align=\"center\">9<\/p>\n<\/td>\n<td width=\"283\"><a href=\"https:\/\/www.ptmyk.pl\/wp-content\/uploads\/2015\/01\/Geastrum-lageniforme-fot.-J.-Pi\u0119tka.jpg\">14. <b>Gwiazdosz butelkowaty<\/b> (1) <i>Geastrum lageniforme<\/i><\/a><\/td>\n<td width=\"293\">lasy li\u015bciaste (gr\u0105dy)<\/td>\n<\/tr>\n<tr>\n<td width=\"29\">\n<p align=\"center\">10<\/p>\n<\/td>\n<td width=\"283\"><a href=\"https:\/\/www.ptmyk.pl\/wp-content\/uploads\/2015\/01\/Geastrum-berkeleyi-foto-K.-Kujawa.jpg\">15.<b> Gwiazdosz angielski<\/b> (1) <i>Geastrum berkeleyi<\/i><\/a><\/td>\n<td width=\"293\">lasy li\u015bciaste (gr\u0105dy, \u0142\u0119gi)<\/td>\n<\/tr>\n<tr>\n<td width=\"29\">\n<p align=\"center\">11<\/p>\n<\/td>\n<td width=\"283\"><a href=\"https:\/\/www.ptmyk.pl\/wp-content\/uploads\/2015\/03\/Geastrum-elegans-foto-J.-\u0141uszczy\u0144ski.jpg\">16. <b>Gwiazdosz bury<\/b> (1) <i>Geastrum elegans<\/i><\/a><\/td>\n<td width=\"293\">obrze\u017ca las\u00f3w, zaro\u015bla,<\/td>\n<\/tr>\n<tr>\n<td width=\"29\">\n<p align=\"center\">12<\/p>\n<\/td>\n<td width=\"283\"><a href=\"https:\/\/www.ptmyk.pl\/wp-content\/uploads\/2015\/01\/Geastrum-schmidelii-Marek-Snowarski.jpg\">17. <b>Gwiazdosz karze\u0142kowaty<\/b> (1) <i>Geastrum schmidelii<\/i><\/a><\/td>\n<td width=\"293\">wydmy, murawy kserotermiczne, zaro\u015bla<\/td>\n<\/tr>\n<tr>\n<td width=\"29\">\n<p align=\"center\">13<\/p>\n<\/td>\n<td width=\"283\"><a href=\"https:\/\/www.ptmyk.pl\/wp-content\/uploads\/2015\/01\/Geastrum-floriforme-foto-M.-Gryc.jpg\">18. <b>Gwiazdosz kwiatuszkowaty<\/b> (1) <i>Geastrum floriforme<\/i><\/a><\/td>\n<td width=\"293\">wydmy, murawy kserotermiczne, zaro\u015bla<\/td>\n<\/tr>\n<tr>\n<td width=\"29\">\n<p align=\"center\">14<\/p>\n<\/td>\n<td width=\"283\">19. <b>Gwiazdosz szorstki<\/b> (1) <i>Geastrum campestre<\/i><\/td>\n<td width=\"293\">zaro\u015bla, lasy, stanowiska kserotermiczne<\/td>\n<\/tr>\n<tr>\n<td width=\"29\">\n<p align=\"center\">15<\/p>\n<\/td>\n<td width=\"283\">20.<b> Gwiazdosz w\u0119gierski<\/b> (1) <i>Geastrum hungaricum<\/i><\/td>\n<td width=\"293\">murawy kserotermiczne<\/td>\n<\/tr>\n<tr>\n<td width=\"29\">\n<p align=\"center\">16<\/p>\n<\/td>\n<td width=\"283\">21. <b>Gwiazdosz workowaty<\/b> (1) <i>Geastrum saccatum<\/i><\/td>\n<td width=\"293\">lasy li\u015bciaste, zaro\u015bla<\/td>\n<\/tr>\n<tr>\n<td width=\"29\">\n<p align=\"center\">17<\/p>\n<\/td>\n<td width=\"283\"><a href=\"https:\/\/www.ptmyk.pl\/wp-content\/uploads\/2015\/01\/Geastrum-fornicatum-fot.-K.-Kujawa.jpg\">22. <b>Gwiazdosz wzniesiony<\/b> (1) <i>Geastrum fornicatum<\/i><\/a><\/td>\n<td width=\"293\">lasy li\u015bciaste, zaro\u015bla<\/td>\n<\/tr>\n<tr>\n<td width=\"29\"><\/td>\n<td width=\"283\"><b>kolcownicowate<i> Bankeraceae<\/i><\/b><\/td>\n<td width=\"293\"><\/td>\n<\/tr>\n<tr>\n<td width=\"29\">\n<p align=\"center\">18<\/p>\n<\/td>\n<td width=\"283\"><a href=\"https:\/\/www.ptmyk.pl\/wp-content\/uploads\/2015\/01\/Hydnellum-scrobiculatum-foto-M.-Kozak.jpg\">23. <b>Kolczak\u00f3wka do\u0142kowana<\/b> (1) <i>Hydnellum scrobiculatum<\/i><\/a><\/td>\n<td width=\"293\">lasy iglaste i mieszane<\/td>\n<\/tr>\n<tr>\n<td width=\"29\">\n<p align=\"center\">19<\/p>\n<\/td>\n<td width=\"283\"><a href=\"https:\/\/www.ptmyk.pl\/wp-content\/uploads\/2015\/01\/Hydnellum-ferrugineum-2-foto-M.-Wantoch-Rekowski.jpg\">24. <b>Kolczak\u00f3wka kasztanowata<\/b> (1) <i>Hydnellum ferrugineum<\/i><\/a><\/td>\n<td width=\"293\">lasy iglaste i mieszane<\/td>\n<\/tr>\n<tr>\n<td width=\"29\">\n<p align=\"center\">20<\/p>\n<\/td>\n<td width=\"283\"><a href=\"https:\/\/www.ptmyk.pl\/wp-content\/uploads\/2015\/01\/Hydnellum-caeruleum-foto-R.-Rutkowski.jpg\">25.<b> Kolczak\u00f3wka niebieskawa<\/b> (1) <i>Hydnellum caeruleum<\/i><\/a><\/td>\n<td width=\"293\">lasy iglaste i mieszane<\/td>\n<\/tr>\n<tr>\n<td width=\"29\">\n<p align=\"center\">21<\/p>\n<\/td>\n<td width=\"283\"><a href=\"https:\/\/www.ptmyk.pl\/wp-content\/uploads\/2015\/01\/Hydnellum-peckii-foto-R.-Rutkowski.jpg\">26. <b>Kolczak\u00f3wka piek\u0105ca<\/b> (1) <i>Hydnellum peckii<\/i><\/a><\/td>\n<td width=\"293\">lasy iglaste<\/td>\n<\/tr>\n<tr>\n<td width=\"29\">\n<p align=\"center\">22<\/p>\n<\/td>\n<td width=\"283\"><a href=\"https:\/\/www.ptmyk.pl\/wp-content\/uploads\/2015\/01\/Hydnellum-floriforme-2-foto-M.-Kozak.jpg\">27. <b>Kolczak\u00f3wka pomara\u0144czowa<\/b> (1) <i>Hydnellum aurantiacum<\/i><\/a><\/td>\n<td width=\"293\">uwaga &#8211; gatunek podawany z Polski jako <i>Hydnellum aurantiacum<\/i> to najprawdopodobniej <i>H. floriforme<\/i>;lasy iglaste i li\u015bciaste<\/td>\n<\/tr>\n<tr>\n<td width=\"29\">\n<p align=\"center\">23<\/p>\n<\/td>\n<td width=\"283\"><a href=\"https:\/\/www.ptmyk.pl\/wp-content\/uploads\/2015\/01\/Hydnellum-concrescens-foto-R.-Rutkowski.jpg\">28. <b>Kolczak\u00f3wka strefowana<\/b> (1) <i>Hydnellum concrescens<\/i><\/a><\/td>\n<td width=\"293\">lasy iglaste i mieszane<\/td>\n<\/tr>\n<tr>\n<td width=\"29\">\n<p align=\"center\">24<\/p>\n<\/td>\n<td width=\"283\"><a href=\"https:\/\/www.ptmyk.pl\/wp-content\/uploads\/2015\/01\/Hydnellum-suaveolens-foto-R.-Rutkowski.jpg\">29. <b>Kolczak\u00f3wka wonna<\/b> (1) <i>Hydnellum suaveolens<\/i><\/a><\/td>\n<td width=\"293\">lasy iglaste i mieszane<\/td>\n<\/tr>\n<tr>\n<td width=\"29\">\n<p align=\"center\">25<\/p>\n<\/td>\n<td width=\"283\"><a href=\"https:\/\/www.ptmyk.pl\/wp-content\/uploads\/2015\/01\/Hydnellum-geogenium-3-foto-R.-Rutkowski.jpg\">30. <b>Kolczak\u00f3wka zielono\u017c\u00f3\u0142ta<\/b> (1) <i>Hydnellum geogenium<\/i><\/a><\/td>\n<td width=\"293\">lasy iglaste i mieszane<\/td>\n<\/tr>\n<tr>\n<td width=\"29\">\n<p align=\"center\">26<\/p>\n<\/td>\n<td width=\"283\"><a href=\"https:\/\/www.ptmyk.pl\/wp-content\/uploads\/2015\/01\/Hydnellum-compactum-foto-M.-Wantoch-Rekowski.jpg\">31. <b>Kolczak\u00f3wka \u017c\u00f3\u0142tobr\u0105zowa<\/b> (1) <i>Hydnellum compactum<\/i><\/a><\/td>\n<td width=\"293\">lasy iglaste i mieszane<\/td>\n<\/tr>\n<tr>\n<td width=\"29\">\n<p align=\"center\">27<\/p>\n<\/td>\n<td width=\"283\"><a href=\"https:\/\/www.ptmyk.pl\/wp-content\/uploads\/2015\/01\/Sarcodon-joeides-3-foto-M.-Kozak.jpg\">32. <b>Sarniak* <\/b>(1) <i>Sarcodon joeides<\/i><\/a><\/td>\n<td width=\"293\">lasy li\u015bciaste (g\u0142\u00f3wnie pod d\u0119bami)<\/td>\n<\/tr>\n<tr>\n<td width=\"29\">\n<p align=\"center\">28<\/p>\n<\/td>\n<td width=\"283\">33. <b>Sarniak*<\/b> (1) <i>Sarcodon underwoodii<\/i><\/td>\n<td width=\"293\">lasy li\u015bciaste (g\u0142\u00f3wnie pod d\u0119bami)<\/td>\n<\/tr>\n<tr>\n<td width=\"29\">\n<p align=\"center\">29<\/p>\n<\/td>\n<td width=\"283\"><a href=\"https:\/\/www.ptmyk.pl\/wp-content\/uploads\/2015\/01\/Sarcodon-glaucopus-2-foto-M.-Wantoch-Rekowski.jpg\">34. <b>Sarniak sinostopy<\/b> (1) <i>Sarcodon glaucopus<\/i><\/a><\/td>\n<td width=\"293\">lasy iglaste<\/td>\n<\/tr>\n<tr>\n<td width=\"29\">\n<p align=\"center\">30<\/p>\n<\/td>\n<td width=\"283\">35. <b>Sarniak szorstki<\/b> (1) <i>Sarcodon scabrosus<\/i><\/td>\n<td width=\"293\">lasy iglaste i mieszane<\/td>\n<\/tr>\n<tr>\n<td width=\"29\">\n<p align=\"center\">31<\/p>\n<\/td>\n<td width=\"283\">36. <b>Szaraczek sosnowy<\/b> (1) <i>Boletopsis grisea<\/i><\/td>\n<td width=\"293\">lasy iglaste (pod sosnami)<\/td>\n<\/tr>\n<tr>\n<td width=\"29\"><\/td>\n<td width=\"283\"><b>kustrzebkowate <i>Pezizaceae<\/i><\/b><\/td>\n<td width=\"293\"><\/td>\n<\/tr>\n<tr>\n<td width=\"29\">\n<p align=\"center\">32<\/p>\n<\/td>\n<td width=\"283\"><a href=\"https:\/\/www.ptmyk.pl\/wp-content\/uploads\/2015\/01\/Sarcosphaeria-coronaria-3-foto-P.-Chachu\u0142a.jpg\">37.<b> Koronica ozdobna <\/b><i>Sarcosphaera coronaria<\/i><\/a><\/td>\n<td width=\"293\">lasy iglaste i li\u015bciaste na pod\u0142o\u017cu wapiennym<\/td>\n<\/tr>\n<tr>\n<td width=\"29\"><\/td>\n<td width=\"283\"><b>ma\u015blakowate <i>Suillaceae<\/i><\/b><\/td>\n<td width=\"293\"><\/td>\n<\/tr>\n<tr>\n<td width=\"29\">\n<p align=\"center\">33<\/p>\n<\/td>\n<td width=\"283\"><a href=\"https:\/\/www.ptmyk.pl\/wp-content\/uploads\/2015\/01\/Suillus-tridentinus-foto-P.-Chachu\u0142a.jpg\">38. <b>Ma\u015blak trydencki<\/b> <i>Suillus tridentinus<\/i><\/a><\/td>\n<td width=\"293\">lasy iglaste (pod modrzewiami)<\/td>\n<\/tr>\n<tr>\n<td width=\"29\"><\/td>\n<td width=\"283\"><b>pieczarkowate <i>Agaricaceae<\/i><\/b><\/td>\n<td width=\"293\"><\/td>\n<\/tr>\n<tr>\n<td width=\"29\">\n<p align=\"center\">34<\/p>\n<\/td>\n<td width=\"283\"><a href=\"https:\/\/www.ptmyk.pl\/wp-content\/uploads\/2015\/01\/Tulostoma-kotlabae-G.-Domian.jpg\">39. <b>Ber\u0142\u00f3weczka czeska <\/b>(1) <i>Tulostoma kotlabae<\/i><\/a><\/td>\n<td width=\"293\">murawy kserotermiczne<\/td>\n<\/tr>\n<tr>\n<td width=\"29\">\n<p align=\"center\">35<\/p>\n<\/td>\n<td width=\"283\"><a href=\"https:\/\/www.ptmyk.pl\/wp-content\/uploads\/2015\/01\/Tulostoma-squamosum-2-foto-A.-Tomaszewska.jpg\">40. <b>Ber\u0142\u00f3weczka \u0142uskowata<\/b> (1) <i>Tulostoma squamosum<\/i><\/a><\/td>\n<td width=\"293\">murawy kserotermiczne<\/td>\n<\/tr>\n<tr>\n<td width=\"29\">\n<p align=\"center\">36<\/p>\n<\/td>\n<td width=\"283\"><a href=\"https:\/\/www.ptmyk.pl\/wp-content\/uploads\/2015\/01\/Tulostoma-melanocyclum-foto-A.-Tomaszewska.jpg\">41. <b>Ber\u0142\u00f3weczka rudawa<\/b> (1) <i>Tulostoma melanocyclum<\/i><\/a><\/td>\n<td width=\"293\">murawy kserotermiczne<\/td>\n<\/tr>\n<tr>\n<td width=\"29\"><\/td>\n<td width=\"283\"><b>pniarkowate <i>Fomitopsidaceae<\/i><\/b><\/td>\n<td width=\"293\"><\/td>\n<\/tr>\n<tr>\n<td width=\"29\">\n<p align=\"center\">37<\/p>\n<\/td>\n<td width=\"283\">42. <b>Jamk\u00f3wka bia\u0142obr\u0105zowa<\/b> (1) <i>Antrodia albobrunnea<\/i><\/td>\n<td width=\"293\">lasy iglaste (na drewnie drzew iglastych)<\/td>\n<\/tr>\n<tr>\n<td width=\"29\">\n<p align=\"center\">38<\/p>\n<\/td>\n<td width=\"283\"><a href=\"https:\/\/www.ptmyk.pl\/wp-content\/uploads\/2015\/01\/Fomitopsis-officinalis-foto-A.-Szczepkowski.jpg\">43. <b>Pniarek lekarski<\/b> (1) <i>Fomitopsis officinalis<\/i><\/a><\/td>\n<td width=\"293\">lasy iglaste (na modrzewiach)<\/td>\n<\/tr>\n<tr>\n<td width=\"29\">\n<p align=\"center\">39<\/p>\n<\/td>\n<td width=\"283\"><a href=\"https:\/\/www.ptmyk.pl\/wp-content\/uploads\/2015\/03\/Pycnoporellus-alboluteus-3-Marek-Snowarski.jpg\" target=\"_blank\">44. <b>Pomara\u0144czowiec blado\u017c\u00f3\u0142ty<\/b> (1) <i>Pycnoporellus alboluteus<\/i><\/a><\/td>\n<td width=\"293\">lasy iglaste (na \u015bwierkach)<\/td>\n<\/tr>\n<tr>\n<td width=\"29\">\n<p align=\"center\">40<\/p>\n<\/td>\n<td width=\"283\"><a href=\"https:\/\/www.ptmyk.pl\/wp-content\/uploads\/2015\/01\/Amylocystis-lapponica-foto-G.-Domian.jpg\">45. <b>P\u00f3\u017anoporka czerwieniej\u0105ca<\/b><\/a><br \/>\n<a href=\"https:\/\/www.ptmyk.pl\/wp-content\/uploads\/2015\/01\/Amylocystis-lapponica-foto-G.-Domian.jpg\"> (amylek lapo\u0144ski) (1) <i>Amylocystis lapponica<\/i><\/a><\/td>\n<td width=\"293\">lasy iglaste (na \u015bwierkach)<\/td>\n<\/tr>\n<tr>\n<td width=\"29\"><\/td>\n<td width=\"283\"><b>smardzowate <i>Morchellaceae<\/i><\/b><\/td>\n<td width=\"293\"><\/td>\n<\/tr>\n<tr>\n<td width=\"29\">\n<p align=\"center\">41<\/p>\n<\/td>\n<td width=\"283\"><a href=\"https:\/\/www.ptmyk.pl\/wp-content\/uploads\/2015\/01\/Disciotis-venosa-foto-M.-Wantoch-Rekowski.jpg\">48. <b>Kr\u0105\u017ck\u00f3wka \u017cy\u0142kowana<\/b> (1) <i>Disciotis venosa<\/i><\/a><\/td>\n<td width=\"293\">lasy li\u015bciaste<\/td>\n<\/tr>\n<tr>\n<td width=\"29\"><\/td>\n<td width=\"283\"><b>sopl\u00f3wkowate <i>Hericiaceae<\/i><\/b><\/td>\n<td width=\"293\"><\/td>\n<\/tr>\n<tr>\n<td width=\"29\">\n<p align=\"center\">42<\/p>\n<\/td>\n<td width=\"283\"><a href=\"https:\/\/www.ptmyk.pl\/wp-content\/uploads\/2015\/01\/Hericium-erinaceum-foto-G.-Domian.jpg\">49. <b>Sopl\u00f3wka je\u017cowata<\/b> (1)<b> <\/b><i>Hericium erinaceum<\/i><\/a><\/td>\n<td width=\"293\">lasy li\u015bciaste (na bukach i d\u0119bach)<\/td>\n<\/tr>\n<tr>\n<td width=\"29\"><\/td>\n<td width=\"283\"><b>truflowate <i>Tuberaceae<\/i><\/b><\/td>\n<td width=\"293\"><\/td>\n<\/tr>\n<tr>\n<td width=\"29\">\n<p align=\"center\">43<\/p>\n<\/td>\n<td width=\"283\"><a href=\"https:\/\/www.ptmyk.pl\/wp-content\/uploads\/2015\/01\/Tuber-mesentericum-foto-M.-Kozak.jpg\">51.<b> Trufla wg\u0142\u0119biona<\/b> <i>Tuber mesentericum<\/i><\/a><\/td>\n<td width=\"293\">lasy li\u015bciaste i mieszane, na wapiennym pod\u0142o\u017cu, w glebie<\/td>\n<\/tr>\n<tr>\n<td width=\"29\"><\/td>\n<td width=\"283\"><b>\u017cagwiowate <i>Polyporaceae<\/i><\/b><\/td>\n<td width=\"293\"><\/td>\n<\/tr>\n<tr>\n<td width=\"29\">\n<p align=\"center\">44<\/p>\n<\/td>\n<td width=\"283\"><a href=\"https:\/\/www.ptmyk.pl\/wp-content\/uploads\/2015\/01\/Hapalopilus-croceus-foto-G.-Domian.jpg\">52. <b>Mi\u0119kusz szafranowy<\/b> <i>Hapalopilus croceus<\/i><\/a><\/td>\n<td width=\"293\">lasy li\u015bciaste (na d\u0119bach)<\/td>\n<\/tr>\n<\/tbody>\n<\/table>\n<\/div>\n<div>\n<p>* Brak nazwy gatunkowej polskiej, ** Brak nazwy rodzajowej polskiej,<\/p>\n<\/div>\n<div>\n<p>(1) \u2013 gatunek, dla kt\u00f3rego nie stosuje si\u0119 odst\u0119pstwa od zakaz\u00f3w okre\u015blonego w \u00a7 7 pkt 1 Rozporz\u0105dzenia Ministra \u015arodowiska z dnia 9 pa\u017adziernika 2014 r. w sprawie ochrony gatunkowej grzyb\u00f3w (Dz. U. poz. 1408).<\/p>\n<\/div>\n","protected":false},"excerpt":{"rendered":"<p>L.p. Nazwa gatunku i numer pozycji listy Rozporz\u0105dzenia Gdzie mo\u017cna spotka\u0107 ten gatunek? (siedliska) Diplocystaceae** 1 1. Promieniak wilgociomierz Astraeus hygrometricus obrze\u017ca widnych las\u00f3w iglastych i li\u015bciastych borowikowate Boletaceae 2 6. Borowik korzeniasty (1) Boletus radicans lasy li\u015bciaste na glebach &hellip; <a href=\"https:\/\/www.ptmyk.pl\/?page_id=1964\">Czytaj dalej <span class=\"meta-nav\">&rarr;<\/span><\/a><\/p>\n","protected":false},"author":1,"featured_media":0,"parent":7,"menu_order":0,"comment_status":"closed","ping_status":"closed","template":"","meta":{"footnotes":""},"class_list":["post-1964","page","type-page","status-publish","hentry"],"_links":{"self":[{"href":"https:\/\/www.ptmyk.pl\/index.php?rest_route=\/wp\/v2\/pages\/1964","targetHints":{"allow":["GET"]}}],"collection":[{"href":"https:\/\/www.ptmyk.pl\/index.php?rest_route=\/wp\/v2\/pages"}],"about":[{"href":"https:\/\/www.ptmyk.pl\/index.php?rest_route=\/wp\/v2\/types\/page"}],"author":[{"embeddable":true,"href":"https:\/\/www.ptmyk.pl\/index.php?rest_route=\/wp\/v2\/users\/1"}],"replies":[{"embeddable":true,"href":"https:\/\/www.ptmyk.pl\/index.php?rest_route=%2Fwp%2Fv2%2Fcomments&post=1964"}],"version-history":[{"count":23,"href":"https:\/\/www.ptmyk.pl\/index.php?rest_route=\/wp\/v2\/pages\/1964\/revisions"}],"predecessor-version":[{"id":2240,"href":"https:\/\/www.ptmyk.pl\/index.php?rest_route=\/wp\/v2\/pages\/1964\/revisions\/2240"}],"up":[{"embeddable":true,"href":"https:\/\/www.ptmyk.pl\/index.php?rest_route=\/wp\/v2\/pages\/7"}],"wp:attachment":[{"href":"https:\/\/www.ptmyk.pl\/index.php?rest_route=%2Fwp%2Fv2%2Fmedia&parent=1964"}],"curies":[{"name":"wp","href":"https:\/\/api.w.org\/{rel}","templated":true}]}}