{"id":1962,"date":"2015-01-21T21:50:30","date_gmt":"2015-01-21T20:50:30","guid":{"rendered":"https:\/\/www.ptmyk.pl\/?page_id=1962"},"modified":"2015-01-21T21:50:30","modified_gmt":"2015-01-21T20:50:30","slug":"tab-1-gatunki-ktore-nie-zostaly-uwzglednione-w-nowym-rozporzadzeniu","status":"publish","type":"page","link":"https:\/\/www.ptmyk.pl\/?page_id=1962","title":{"rendered":"Tab.1. Gatunki kt\u00f3re nie zosta\u0142y uwzgl\u0119dnione w nowym Rozporz\u0105dzeniu."},"content":{"rendered":"<table width=\"694\" border=\"0\" cellspacing=\"0\" cellpadding=\"0\">\n<tbody>\n<tr>\n<td width=\"48\">L.p.<\/td>\n<td width=\"548\">\n<p align=\"center\">Nazwa gatunku<\/p>\n<\/td>\n<\/tr>\n<tr>\n<td colspan=\"2\" width=\"596\">\n<p align=\"center\">Gatunki, kt\u00f3re w Rozporz\u0105dzeniu z 2004r. stanowi\u0142y osobne pozycje<\/p>\n<\/td>\n<\/tr>\n<tr>\n<td width=\"48\">\n<p align=\"center\">1<\/p>\n<\/td>\n<td valign=\"bottom\" width=\"548\"><b>flagowiec olbrzymi<\/b> <i>Meripilus giganteus<\/i><\/td>\n<\/tr>\n<tr>\n<td width=\"48\">\n<p align=\"center\">2<\/p>\n<\/td>\n<td valign=\"bottom\" width=\"548\"><b>g\u0105ska olbrzymia<\/b> <i>Tricholoma colossus<\/i><\/td>\n<\/tr>\n<tr>\n<td width=\"48\">\n<p align=\"center\">4<\/p>\n<\/td>\n<td valign=\"bottom\" width=\"548\"><b>m\u0105dziak psi<\/b> <i>Mutinus caninus<\/i><\/td>\n<\/tr>\n<tr>\n<td width=\"48\">\n<p align=\"center\">3<\/p>\n<\/td>\n<td valign=\"bottom\" width=\"548\"><b>purchawica olbrzymia<\/b><i> Langermannia gigantea<\/i><\/td>\n<\/tr>\n<tr>\n<td width=\"48\">\n<p align=\"center\">5<\/p>\n<\/td>\n<td valign=\"bottom\" width=\"548\"><b>sromotnik fio\u0142kowy<\/b> <i>Phallus hadriani<\/i><\/td>\n<\/tr>\n<tr>\n<td colspan=\"2\" width=\"596\">\n<p align=\"center\">Gatunki w obr\u0119bie rodzaj\u00f3w nadal reprezentowanych w aktualnym Rozporz\u0105dzeniu<\/p>\n<\/td>\n<\/tr>\n<tr>\n<td width=\"48\">\n<p align=\"center\">6-7<\/p>\n<\/td>\n<td width=\"548\"><b>ber\u0142\u00f3weczka fr\u0119dzelkowana<\/b> <i>Tulostoma fimbriatum<\/i><b>, b. zimowa<\/b> <i>T. brumale<\/i><\/td>\n<\/tr>\n<tr>\n<td width=\"48\">\n<p align=\"center\">8-9<\/p>\n<\/td>\n<td width=\"548\"><b>czarka austriacka<\/b> <i>Sarcoscypha austriaca<\/i>, <b>cz. szkar\u0142atna<\/b> <i>S. coccinea<\/i><\/td>\n<\/tr>\n<tr>\n<td width=\"48\">\n<p align=\"center\">10-18<\/p>\n<\/td>\n<td width=\"548\"><b>gwiazdosz*<\/b> <i>Geastrum smardae<\/i><b>, g. d\u0142ugoszyjkowy<\/b><i> G. pectinatum<\/i><b> , <\/b> <b>g. fr\u0119dzelkowany<\/b> <i>G. fimbriatum<\/i><b>, g. koronowaty<\/b> <i>G. coronatum<\/i>, <b>g. najmniejszy<\/b> <i>G. minimum<\/i>, <b>g. potr\u00f3jny<\/b> <i>G. triplex<\/i><b>, g. pr\u0105\u017ckowany<\/b> <i>G. striatum<\/i><b>, g. rudawy<\/b> <i>G. rufescens<\/i>, <b>w\u0142osogwiazd czarnog\u0142owy<\/b> <i>Trichaster melanocephalus<\/i><\/td>\n<\/tr>\n<tr>\n<td width=\"48\">\n<p align=\"center\">19-21<\/p>\n<\/td>\n<td width=\"548\"><b>sarniak jasnonogi<\/b> <i>Sarcodon. leucopus<\/i>, <b>s. sosnowy<\/b> <i>S. squamosus<\/i><b>, s. \u015bwierkowy<\/b> <i>S. imbricatus<\/i><\/td>\n<\/tr>\n<tr>\n<td width=\"48\">\n<p align=\"center\">22<\/p>\n<\/td>\n<td width=\"548\"><b>siedzu\u0144 sosnowy<\/b> <i>Sparassis crispa<\/i><\/td>\n<\/tr>\n<\/tbody>\n<\/table>\n<div>\n<p>* Brak nazwy gatunkowej polskiej.<\/p>\n<\/div>\n","protected":false},"excerpt":{"rendered":"<p>L.p. Nazwa gatunku Gatunki, kt\u00f3re w Rozporz\u0105dzeniu z 2004r. stanowi\u0142y osobne pozycje 1 flagowiec olbrzymi Meripilus giganteus 2 g\u0105ska olbrzymia Tricholoma colossus 4 m\u0105dziak psi Mutinus caninus 3 purchawica olbrzymia Langermannia gigantea 5 sromotnik fio\u0142kowy Phallus hadriani Gatunki w obr\u0119bie &hellip; <a href=\"https:\/\/www.ptmyk.pl\/?page_id=1962\">Czytaj dalej <span class=\"meta-nav\">&rarr;<\/span><\/a><\/p>\n","protected":false},"author":1,"featured_media":0,"parent":7,"menu_order":0,"comment_status":"closed","ping_status":"closed","template":"","meta":{"footnotes":""},"class_list":["post-1962","page","type-page","status-publish","hentry"],"_links":{"self":[{"href":"https:\/\/www.ptmyk.pl\/index.php?rest_route=\/wp\/v2\/pages\/1962","targetHints":{"allow":["GET"]}}],"collection":[{"href":"https:\/\/www.ptmyk.pl\/index.php?rest_route=\/wp\/v2\/pages"}],"about":[{"href":"https:\/\/www.ptmyk.pl\/index.php?rest_route=\/wp\/v2\/types\/page"}],"author":[{"embeddable":true,"href":"https:\/\/www.ptmyk.pl\/index.php?rest_route=\/wp\/v2\/users\/1"}],"replies":[{"embeddable":true,"href":"https:\/\/www.ptmyk.pl\/index.php?rest_route=%2Fwp%2Fv2%2Fcomments&post=1962"}],"version-history":[{"count":2,"href":"https:\/\/www.ptmyk.pl\/index.php?rest_route=\/wp\/v2\/pages\/1962\/revisions"}],"predecessor-version":[{"id":1980,"href":"https:\/\/www.ptmyk.pl\/index.php?rest_route=\/wp\/v2\/pages\/1962\/revisions\/1980"}],"up":[{"embeddable":true,"href":"https:\/\/www.ptmyk.pl\/index.php?rest_route=\/wp\/v2\/pages\/7"}],"wp:attachment":[{"href":"https:\/\/www.ptmyk.pl\/index.php?rest_route=%2Fwp%2Fv2%2Fmedia&parent=1962"}],"curies":[{"name":"wp","href":"https:\/\/api.w.org\/{rel}","templated":true}]}}