{"id":1531,"date":"2014-03-12T13:45:50","date_gmt":"2014-03-12T12:45:50","guid":{"rendered":"https:\/\/www.ptmyk.pl\/?page_id=1531"},"modified":"2017-01-04T17:04:47","modified_gmt":"2017-01-04T16:04:47","slug":"aneta-ptaszynska","status":"publish","type":"page","link":"https:\/\/www.ptmyk.pl\/?page_id=1531","title":{"rendered":"Aneta Ptaszy\u0144ska"},"content":{"rendered":"<p><a href=\"https:\/\/www.ptmyk.pl\/wp-content\/uploads\/2014\/03\/Ptaszy\u0144ska.jpg\"><img loading=\"lazy\" decoding=\"async\" class=\"alignleft size-medium wp-image-1532\" alt=\"Ptaszy\u0144ska\" src=\"https:\/\/www.ptmyk.pl\/wp-content\/uploads\/2014\/03\/Ptaszy\u0144ska-268x300.jpg\" width=\"268\" height=\"300\" srcset=\"https:\/\/www.ptmyk.pl\/wp-content\/uploads\/2014\/03\/Ptaszy\u0144ska-268x300.jpg 268w, https:\/\/www.ptmyk.pl\/wp-content\/uploads\/2014\/03\/Ptaszy\u0144ska-917x1024.jpg 917w, https:\/\/www.ptmyk.pl\/wp-content\/uploads\/2014\/03\/Ptaszy\u0144ska.jpg 1999w\" sizes=\"auto, (max-width: 268px) 100vw, 268px\" \/><\/a>Uniwersytet Marii Curie-Sk\u0142odowskiej,Wydzia\u0142 Biologii i Biotechnologii, Instytut Biologii i Biochemii, Zak\u0142ad Botaniki i Mykologii, ul. Akademicka 19, 20-033 Lublin<\/p>\n<p>Numer telefonu: (48) 81-537-50-92<\/p>\n<p>Email: aneta.ptaszynska@poczta.umcs.lublin.pl<\/p>\n<p>Strona internetowa: <a href=\"http:\/\/www.zbm.umcs.lublin.pl\/html\/01a_staff.html#ptasz\" target=\"_blank\">http:\/\/www.zbm.umcs.lublin.pl\/html\/01a_staff.html#ptasz<\/a><\/p>\n<p>&nbsp;<\/p>\n<p>Tematyka badawcza:<\/p>\n<p>Grzyby chorobotw\u00f3rcze nale\u017c\u0105ce do typ\u00f3w mikrosporydia (Microsporidia) i workowce (Ascomycota)<\/p>\n<ol start=\"1\">\n<li>Mikroskopijne grzyby paso\u017cytnicze pszczo\u0142y miodnej (<i>Apis mellifera<\/i>) i choroby przez nie wywo\u0142ywane: nosemoza (patogen: <i>Nosema apis, Nosema ceranae<\/i>), grzybica otorbielakowa (patogen: <i>Ascosphaera apis<\/i>), grzybica kropidlakowa (patogen: <i>Aspergillus flavus, A. fumigatus, A. niger<\/i>).<\/li>\n<li>Nowe substancje lecznicze przeciwko mikroskopijnym grzybom chorobotw\u00f3rczym z rodzaj\u00f3w <i>Nosema<\/i> i <i>Candida<\/i>.<\/li>\n<\/ol>\n<p>Projekty i publikacje [<a href=\"http:\/\/www.zbm.umcs.lublin.pl\/files\/ptasz_p.pdf\" target=\"_blank\">pobierz plik pdf<\/a>]<\/p>\n<p>&nbsp;<\/p>\n","protected":false},"excerpt":{"rendered":"<p>Uniwersytet Marii Curie-Sk\u0142odowskiej,Wydzia\u0142 Biologii i Biotechnologii, Instytut Biologii i Biochemii, Zak\u0142ad Botaniki i Mykologii, ul. Akademicka 19, 20-033 Lublin Numer telefonu: (48) 81-537-50-92 Email: aneta.ptaszynska@poczta.umcs.lublin.pl Strona internetowa: http:\/\/www.zbm.umcs.lublin.pl\/html\/01a_staff.html#ptasz &nbsp; Tematyka badawcza: Grzyby chorobotw\u00f3rcze nale\u017c\u0105ce do typ\u00f3w mikrosporydia (Microsporidia) i workowce &hellip; <a href=\"https:\/\/www.ptmyk.pl\/?page_id=1531\">Czytaj dalej <span class=\"meta-nav\">&rarr;<\/span><\/a><\/p>\n","protected":false},"author":1,"featured_media":0,"parent":34,"menu_order":0,"comment_status":"closed","ping_status":"closed","template":"","meta":{"footnotes":""},"class_list":["post-1531","page","type-page","status-publish","hentry"],"_links":{"self":[{"href":"https:\/\/www.ptmyk.pl\/index.php?rest_route=\/wp\/v2\/pages\/1531","targetHints":{"allow":["GET"]}}],"collection":[{"href":"https:\/\/www.ptmyk.pl\/index.php?rest_route=\/wp\/v2\/pages"}],"about":[{"href":"https:\/\/www.ptmyk.pl\/index.php?rest_route=\/wp\/v2\/types\/page"}],"author":[{"embeddable":true,"href":"https:\/\/www.ptmyk.pl\/index.php?rest_route=\/wp\/v2\/users\/1"}],"replies":[{"embeddable":true,"href":"https:\/\/www.ptmyk.pl\/index.php?rest_route=%2Fwp%2Fv2%2Fcomments&post=1531"}],"version-history":[{"count":2,"href":"https:\/\/www.ptmyk.pl\/index.php?rest_route=\/wp\/v2\/pages\/1531\/revisions"}],"predecessor-version":[{"id":2953,"href":"https:\/\/www.ptmyk.pl\/index.php?rest_route=\/wp\/v2\/pages\/1531\/revisions\/2953"}],"up":[{"embeddable":true,"href":"https:\/\/www.ptmyk.pl\/index.php?rest_route=\/wp\/v2\/pages\/34"}],"wp:attachment":[{"href":"https:\/\/www.ptmyk.pl\/index.php?rest_route=%2Fwp%2Fv2%2Fmedia&parent=1531"}],"curies":[{"name":"wp","href":"https:\/\/api.w.org\/{rel}","templated":true}]}}