{"id":1092,"date":"2013-10-01T10:22:02","date_gmt":"2013-10-01T08:22:02","guid":{"rendered":"https:\/\/www.ptmyk.pl\/?page_id=1092"},"modified":"2025-10-06T12:47:48","modified_gmt":"2025-10-06T10:47:48","slug":"sekcje","status":"publish","type":"page","link":"https:\/\/www.ptmyk.pl\/?page_id=1092","title":{"rendered":"Sekcje"},"content":{"rendered":"<p><span style=\"text-decoration: underline;\"><strong>Sekcje Polskiego Towarzystwa Mykologicznego<\/strong><\/span><\/p>\n<p>1) <em><strong>Micromycetes w ochronie zdrowia, \u015brodowiska oraz w przemy\u015ble<\/strong> <\/em><\/p>\n<p>Przewodnicz\u0105cy Sekcji: dr Anna Jasi\u0144ska<br \/>Zast\u0119pca przewodnicz\u0105cego: dr Dominika Theim<br \/>Sekretarz: dr Aleksandra G\u00f3ralczyk-Bi\u0144kowska<br \/>Skarbnik: dr Monika Nowak<\/p>\n<p>zakres dzia\u0142ania Sekcji MOS [<a href=\"https:\/\/www.ptmyk.pl\/wp-content\/uploads\/2022\/07\/zakres-dzialania-sekcji-MOS.docx\">pobierz plik docx<\/a>]<br \/>regulamin Sekcji MOS [<a href=\"https:\/\/www.ptmyk.pl\/wp-content\/uploads\/2022\/07\/Regulamin-Sekcji-MOS-docx.docx\">pobierz plik docx<\/a>]<\/p>\n<p>2) <em><strong>Mykologia medyczna<\/strong><\/em><\/p>\n<p>Przewodnicz\u0105cy Sekcji: Anna Biedunkiewicz: alibi@uwm.edu.pl<br \/>Zast\u0119pca przewodnicz\u0105cego: Bo\u017cena Muszy\u0144ska<br \/>Sekretarz: Katarzyna G\u00f3ralska<br \/>Skarbnik: Mariusz Dyl\u0105g<\/p>\n<p>[kadencja 2019-2023: przewodnicz\u0105cy Tomasz Jagielski 2019-2020]<\/p>\n<p>[kadencja 2014-2019: przewodnicz\u0105cy: Pawe\u0142 Krzy\u015bciak<br \/>zast\u0119pca przewodnicz\u0105cego: Maria Dynowska<br \/>sekretarz: Katarzyna G\u00f3ralska<br \/>cz\u0142onek Zarz\u0105du Sekcji: Tomasz Jagielski]<\/p>\n<p>regulamin Sekcji MM [<a href=\"https:\/\/www.ptmyk.pl\/wp-content\/uploads\/2020\/12\/Regulamin-sekcji-MM-2020_po-korekcie-radcy.docx\" target=\"_blank\" rel=\"noopener noreferrer\">pobierz plik docx<\/a>]<\/p>\n<p>3)<a href=\"https:\/\/www.ptmyk.pl\/?cat=10\" target=\"_blank\" rel=\"noopener noreferrer\"><em><strong> R\u00f3\u017cnorodno\u015b\u0107 i ochrona grzyb\u00f3w<\/strong><\/em><\/a><br \/>Przewodnicz\u0105cy Sekcji: dr Monika Urbaniak<br \/>Zast\u0119pca przewodnicz\u0105cego: dr Ma\u0142gorzata Czy\u017cewska, Wydzia\u0142 Ochrony Przyrody Dyrekcji Generalnej Las\u00f3w Pa\u0144stwowych<br \/>Sekretarz: Barbara Kud\u0142awiec, Instytut W\u0142\u00f3kien Naturalnych i Ro\u015blin Zielarskich w Poznaniu<br \/>Systemy jako\u015bci w produkcji \u015brodk\u00f3w spo\u017cywczych<br \/>Skarbnik: dr in\u017c. Aleksandra Rosa-Gruszecka, Zak\u0142ad Ekologii Lasu, Instytut Badawczy Le\u015bnictwa<\/p>\n<p>zakres dzia\u0142ania Sekcji RiOG [<a href=\"https:\/\/www.ptmyk.pl\/wp-content\/uploads\/2020\/11\/RiOG_zakres-dzia\u0142ania.doc\">pobierz plik docx<\/a>]<br \/>regulamin Sekcji RiOG [<a href=\"https:\/\/www.ptmyk.pl\/wp-content\/uploads\/2020\/11\/RiOG_regulamin.doc\">pobierz plik docx<\/a>]<br \/>deklaracja przyst\u0105pienia do Sekcji RiOG [<a href=\"https:\/\/www.ptmyk.pl\/wp-content\/uploads\/2020\/11\/deklaracja-przyst\u0105pienia-do-RiOG.doc\">pobierz plik docx<\/a>]<\/p>\n<p>4) <em><strong>Biotechnologia grzyb\u00f3w<\/strong><\/em><br \/>Przewodnicz\u0105cy Sekcji: dr hab. Anna Pawlik, Uniwersytet Marii Curie Sk\u0142odowskiej, Lublin<br \/>Zast\u0119pca przewodnicz\u0105cego: dr hab. Karolina Oszust, Instytut Agrofizyki im. B. Dobrza\u0144skiego, PAN, Lublin<br \/>Sekretarz\/skarbnik: dr Urszula \u015awiderska, Uniwersytet Marii Curie Sk\u0142odowskiej, Lublin<\/p>\n<p>[kadencja 2014-2019: przewodnicz\u0105cy: Grzegorz Janusz<br \/>zast\u0119pca przewodnicz\u0105cego: Anna Pawlik<br \/>sekretarz\/skarbnik: Karolina Oszust]<\/p>\n<p>zakres dzia\u0142ania Sekcji BG [<a href=\"https:\/\/www.ptmyk.pl\/wp-content\/uploads\/2021\/11\/Zakres-dzialania-sekcjii-Biotechnologia-Grzybow-2021.docx\" target=\"_blank\" rel=\"noopener\">pobierz plik docx<\/a>]<br \/>regulamin Sekcji BG [<a href=\"https:\/\/www.ptmyk.pl\/wp-content\/uploads\/2021\/11\/BG_regulamin_zmieniony-2021.doc\" target=\"_blank\" rel=\"noopener\">pobierz plik docx<\/a>]<\/p>\n<p>5) <em><strong>Grzyby w interakcjach<\/strong><\/em><br \/>Przewodnicz\u0105cy Sekcji: Marlena Lembicz: lembicz@amu.edu.pl<br \/>Zast\u0119pca przewodnicz\u0105cego: Karolina G\u00f3rzy\u0144ska<br \/>Sekretarz: Ewa W\u0119grzyn<br \/>Skarbnik:Magdalena \u015alachetka<\/p>\n<p>zakres dzia\u0142ania Sekcji GwI [<a href=\"https:\/\/www.ptmyk.pl\/wp-content\/uploads\/2013\/10\/GwI_zakres-dzia\u0142ania_4.04.docx\" target=\"_blank\" rel=\"noopener noreferrer\">pobierz plik docx<\/a>]<br \/>regulamin Sekcji GwI [<a href=\"https:\/\/www.ptmyk.pl\/wp-content\/uploads\/2013\/10\/GwI_regulamin_04.04.docx\" target=\"_blank\" rel=\"noopener noreferrer\">pobierz plik docx]<\/a><\/p>\n\n\n<p><\/p>\n","protected":false},"excerpt":{"rendered":"<p>Sekcje Polskiego Towarzystwa Mykologicznego 1) Micromycetes w ochronie zdrowia, \u015brodowiska oraz w przemy\u015ble Przewodnicz\u0105cy Sekcji: dr Anna Jasi\u0144skaZast\u0119pca przewodnicz\u0105cego: dr Dominika TheimSekretarz: dr Aleksandra G\u00f3ralczyk-Bi\u0144kowskaSkarbnik: dr Monika Nowak zakres dzia\u0142ania Sekcji MOS [pobierz plik docx]regulamin Sekcji MOS [pobierz plik docx] &hellip; <a href=\"https:\/\/www.ptmyk.pl\/?page_id=1092\">Czytaj dalej <span class=\"meta-nav\">&rarr;<\/span><\/a><\/p>\n","protected":false},"author":1,"featured_media":0,"parent":5,"menu_order":0,"comment_status":"closed","ping_status":"closed","template":"","meta":{"footnotes":""},"class_list":["post-1092","page","type-page","status-publish","hentry"],"_links":{"self":[{"href":"https:\/\/www.ptmyk.pl\/index.php?rest_route=\/wp\/v2\/pages\/1092","targetHints":{"allow":["GET"]}}],"collection":[{"href":"https:\/\/www.ptmyk.pl\/index.php?rest_route=\/wp\/v2\/pages"}],"about":[{"href":"https:\/\/www.ptmyk.pl\/index.php?rest_route=\/wp\/v2\/types\/page"}],"author":[{"embeddable":true,"href":"https:\/\/www.ptmyk.pl\/index.php?rest_route=\/wp\/v2\/users\/1"}],"replies":[{"embeddable":true,"href":"https:\/\/www.ptmyk.pl\/index.php?rest_route=%2Fwp%2Fv2%2Fcomments&post=1092"}],"version-history":[{"count":32,"href":"https:\/\/www.ptmyk.pl\/index.php?rest_route=\/wp\/v2\/pages\/1092\/revisions"}],"predecessor-version":[{"id":6070,"href":"https:\/\/www.ptmyk.pl\/index.php?rest_route=\/wp\/v2\/pages\/1092\/revisions\/6070"}],"up":[{"embeddable":true,"href":"https:\/\/www.ptmyk.pl\/index.php?rest_route=\/wp\/v2\/pages\/5"}],"wp:attachment":[{"href":"https:\/\/www.ptmyk.pl\/index.php?rest_route=%2Fwp%2Fv2%2Fmedia&parent=1092"}],"curies":[{"name":"wp","href":"https:\/\/api.w.org\/{rel}","templated":true}]}}